{"id":156,"date":"2019-05-20T19:02:23","date_gmt":"2019-05-20T17:02:23","guid":{"rendered":"http:\/\/nadprirozeno.cz\/?page_id=156"},"modified":"2019-05-20T21:13:06","modified_gmt":"2019-05-20T19:13:06","slug":"panensky-tynec","status":"publish","type":"page","link":"https:\/\/nadprirozeno.cz\/index.php\/panensky-tynec\/","title":{"rendered":"Panensk\u00fd T\u00fdnec"},"content":{"rendered":"\n<h1>Panensk\u00fd T\u00fdnec &#8211;  tajemn\u00e9 m\u00edsto s blahod\u00e1rnou energi\u00ed<\/h1>\n\n\n\n<p>Bezesporu jedno z nejv\u00edce nav\u0161t\u011bvovan\u00fdch m\u00edst, kde se nach\u00e1z\u00ed blahod\u00e1rn\u00e1 pozitivn\u00ed energie je pr\u00e1v\u011b nedostav\u011bn\u00fd gotick\u00fd chr\u00e1m v Panensk\u00e9m T\u00fdnci.<\/p>\n\n\n\n<figure class=\"wp-block-image\"><img loading=\"lazy\" width=\"900\" height=\"600\" src=\"https:\/\/nadprirozeno.cz\/wp-content\/uploads\/2019\/05\/panensky_tynec.jpg\" alt=\"\" class=\"wp-image-157\" srcset=\"https:\/\/nadprirozeno.cz\/wp-content\/uploads\/2019\/05\/panensky_tynec.jpg 900w, https:\/\/nadprirozeno.cz\/wp-content\/uploads\/2019\/05\/panensky_tynec-300x200.jpg 300w, https:\/\/nadprirozeno.cz\/wp-content\/uploads\/2019\/05\/panensky_tynec-768x512.jpg 768w, https:\/\/nadprirozeno.cz\/wp-content\/uploads\/2019\/05\/panensky_tynec-210x140.jpg 210w\" sizes=\"(max-width: 900px) 100vw, 900px\" \/><figcaption>Nedostav\u011bn\u00fd gotick\u00fd chr\u00e1m<\/figcaption><\/figure>\n\n\n\n<p>Vypad\u00e1 to jako by zdej\u0161\u00ed podm\u00ednky a um\u00edst\u011bn\u00ed stavby slou\u017eily ke koncentraci a vyza\u0159ov\u00e1n\u00ed pozitivn\u00ed a uzdravuj\u00edc\u00ed energie. P\u0159i n\u00e1v\u0161t\u011bv\u011b chr\u00e1mu se V\u00e1s zhost\u00ed pocit klidu a harmonie. Negativn\u00ed my\u0161lenky a pocity jako by ani nem\u011bli dovoleno vstoupit na tuto posv\u00e1tnou p\u016fdu. <br><br>Z vlastn\u00ed zku\u0161enosti m\u016f\u017eeme n\u00e1v\u0161t\u011bvu tohoto m\u00edsta jen doporu\u010dit, pozitivn\u00ed energie je zde p\u0159\u00edmo hmatateln\u00e1. Chr\u00e1m i jeho okol\u00ed je dokonal\u00e9 m\u00edsto pro zotaven\u00ed a relaxaci.<\/p>\n\n\n\n<div class=\"wp-block-image\"><figure class=\"aligncenter\"><img loading=\"lazy\" width=\"600\" height=\"338\" src=\"https:\/\/nadprirozeno.cz\/wp-content\/uploads\/2019\/05\/panensky_tynec1.jpg\" alt=\"\" class=\"wp-image-161\" srcset=\"https:\/\/nadprirozeno.cz\/wp-content\/uploads\/2019\/05\/panensky_tynec1.jpg 600w, https:\/\/nadprirozeno.cz\/wp-content\/uploads\/2019\/05\/panensky_tynec1-300x169.jpg 300w, https:\/\/nadprirozeno.cz\/wp-content\/uploads\/2019\/05\/panensky_tynec1-210x118.jpg 210w\" sizes=\"(max-width: 600px) 100vw, 600px\" \/><\/figure><\/div>\n\n\n\n<p>Podle dochovan\u00fdch materi\u00e1l\u016f chr\u00e1m nechal na po\u010dest Ane\u017eky roku 1280 postavit Habart ze \u017dirot\u00edna za to, \u017ee vyl\u00e9\u010dila jeho \u017eenu Scholastiku z neplodnosti. Av\u0161ak stavba nebyla nikdy dokon\u010dena. <br><br>Ane\u017eka se narodila na po\u010d\u00e1tku 13. stolet\u00ed jako dcera \u010desk\u00e9ho kr\u00e1le P\u0159emysla Otakara I. a princezny Konstancie Uhersk\u00e9. V dosp\u011blosti se rozhodla slou\u017eit chud\u00fdm a nemocn\u00fdm. V roce 1233 zalo\u017eila pra\u017eskou nemocnici sv. Franti\u0161ka a brzy k n\u00ed p\u0159ipojila kl\u00e1\u0161ter klarisek Na Franti\u0161ku. Zem\u0159ela 2. b\u0159ezna 1282 a poh\u0159bena byla v kapli Panny Marie v kl\u00e1\u0161tern\u00edm kostele sv. Franti\u0161ka. Pozd\u011bji v\u0161ak byly jej\u00ed ostatky vyzdvi\u017eeny a p\u0159eneseny na jin\u00e9 m\u00edsto, po kter\u00e9m se dodnes p\u00e1tr\u00e1.<br><br>N\u011bkte\u0159\u00ed lid\u00e9 si mysl\u00ed, \u017ee za blahod\u00e1rn\u00fdmi energiemi a l\u00e9\u010div\u00fdmi vlastnostmi tohoto chr\u00e1mu jsou pr\u00e1v\u011b ostatky sv. Ane\u017eky, kter\u00e1 zasv\u011btila sv\u016fj \u017eivot pomoci chud\u00fdm a nemocn\u00fdm lidem. Ov\u0161em co je na tom pravdy se douf\u00e1m nedozv\u00edme, proto\u017ee v\u011bde\u010dt\u00ed zast\u00e1nci tohoto n\u00e1zoru po\u017eaduj\u00ed 4m hlubok\u00fd v\u00fdkop uprost\u0159ed kn\u011b\u017ei\u0161t\u011b chr\u00e1mu aby toto zjistili a nav\u017edy t\u00edm mo\u017en\u00e1 bezohledn\u011b naru\u0161ili blahod\u00e1rn\u00e9 \u00fa\u010dinky tohoto m\u00edsta.<\/p>\n\n\n\n<figure class=\"wp-block-embed-youtube wp-block-embed is-type-video is-provider-youtube wp-embed-aspect-16-9 wp-has-aspect-ratio\"><div class=\"wp-block-embed__wrapper\">\n<iframe loading=\"lazy\" width=\"980\" height=\"551\" src=\"https:\/\/www.youtube.com\/embed\/kIwWaVPbDHg?feature=oembed\" frameborder=\"0\" allow=\"accelerometer; autoplay; encrypted-media; gyroscope; picture-in-picture\" allowfullscreen><\/iframe>\n<\/div><figcaption>Z\u00e1v\u011brem jedno video projektu Br\u00e1na do \u010cech &#8211; zdroj: youtube.com<\/figcaption><\/figure>\n","protected":false},"excerpt":{"rendered":"<p>Panensk\u00fd T\u00fdnec &#8211; tajemn\u00e9 m\u00edsto s blahod\u00e1rnou energi\u00ed Bezesporu jedno z nejv\u00edce nav\u0161t\u011bvovan\u00fdch m\u00edst, kde se nach\u00e1z\u00ed blahod\u00e1rn\u00e1 pozitivn\u00ed energie je pr\u00e1v\u011b nedostav\u011bn\u00fd gotick\u00fd chr\u00e1m v Panensk\u00e9m T\u00fdnci. Vypad\u00e1 to jako by zdej\u0161\u00ed podm\u00ednky a um\u00edst\u011bn\u00ed stavby slou\u017eily ke koncentraci a vyza\u0159ov\u00e1n\u00ed pozitivn\u00ed a uzdravuj\u00edc\u00ed energie. P\u0159i n\u00e1v\u0161t\u011bv\u011b chr\u00e1mu se V\u00e1s zhost\u00ed pocit klidu a [&hellip;]<\/p>\n","protected":false},"author":1,"featured_media":0,"parent":0,"menu_order":0,"comment_status":"closed","ping_status":"closed","template":"","meta":{"_monsterinsights_skip_tracking":false,"_monsterinsights_sitenote_active":false,"_monsterinsights_sitenote_note":"","_monsterinsights_sitenote_category":0},"_links":{"self":[{"href":"https:\/\/nadprirozeno.cz\/index.php\/wp-json\/wp\/v2\/pages\/156"}],"collection":[{"href":"https:\/\/nadprirozeno.cz\/index.php\/wp-json\/wp\/v2\/pages"}],"about":[{"href":"https:\/\/nadprirozeno.cz\/index.php\/wp-json\/wp\/v2\/types\/page"}],"author":[{"embeddable":true,"href":"https:\/\/nadprirozeno.cz\/index.php\/wp-json\/wp\/v2\/users\/1"}],"replies":[{"embeddable":true,"href":"https:\/\/nadprirozeno.cz\/index.php\/wp-json\/wp\/v2\/comments?post=156"}],"version-history":[{"count":3,"href":"https:\/\/nadprirozeno.cz\/index.php\/wp-json\/wp\/v2\/pages\/156\/revisions"}],"predecessor-version":[{"id":167,"href":"https:\/\/nadprirozeno.cz\/index.php\/wp-json\/wp\/v2\/pages\/156\/revisions\/167"}],"wp:attachment":[{"href":"https:\/\/nadprirozeno.cz\/index.php\/wp-json\/wp\/v2\/media?parent=156"}],"curies":[{"name":"wp","href":"https:\/\/api.w.org\/{rel}","templated":true}]}}