{"id":281,"date":"2019-05-24T22:59:06","date_gmt":"2019-05-24T20:59:06","guid":{"rendered":"http:\/\/nadprirozeno.cz\/?page_id=281"},"modified":"2019-05-25T12:47:04","modified_gmt":"2019-05-25T10:47:04","slug":"pripad-milin","status":"publish","type":"page","link":"https:\/\/nadprirozeno.cz\/index.php\/pripad-milin\/","title":{"rendered":"P\u0159\u00edpad Mil\u00edn"},"content":{"rendered":"\n<h1>P\u0159\u00edpad Mil\u00edn<\/h1>\n\n\n\n<p>P\u0159\u00edpad je skute\u010dn\u00fd ov\u0161em jm\u00e9na jsou pozm\u011bn\u011bna z d\u016fvodu zachov\u00e1n\u00ed soukrom\u00ed.<br><br>V \u00fanoru 2019 n\u00e1s kontaktoval man\u017eelsk\u00fd p\u00e1r Jirka a Lucka. Jirka trp\u00ed dlouhodob\u011b depresemi a neovladateln\u00fdmi stavy strachu o Lucku. Jirka byl dokonce v p\u00e9\u010di psychologa, ale stavy se moc nelep\u0161ily. Lucka se proto zkusila obr\u00e1tit na n\u00e1s.<\/p>\n\n\n\n<div class=\"wp-block-image\"><figure class=\"aligncenter\"><img loading=\"lazy\" width=\"500\" height=\"243\" src=\"https:\/\/nadprirozeno.cz\/wp-content\/uploads\/2019\/05\/rozchod-e1558730961445.jpg\" alt=\"\" class=\"wp-image-282\" srcset=\"https:\/\/nadprirozeno.cz\/wp-content\/uploads\/2019\/05\/rozchod-e1558730961445.jpg 500w, https:\/\/nadprirozeno.cz\/wp-content\/uploads\/2019\/05\/rozchod-e1558730961445-300x146.jpg 300w, https:\/\/nadprirozeno.cz\/wp-content\/uploads\/2019\/05\/rozchod-e1558730961445-210x102.jpg 210w\" sizes=\"(max-width: 500px) 100vw, 500px\" \/><\/figure><\/div>\n\n\n\n<p>Domluvili jsme term\u00edn setk\u00e1n\u00ed a setkali jsme se na neutr\u00e1ln\u00ed p\u016fd\u011b ob\u010derstven\u00ed \u010derpac\u00ed stanice na Buku. Popov\u00eddali jsme si a vyzv\u011bd\u011bli pro n\u00e1s kl\u00ed\u010dov\u00e9 informace. Hlavn\u011b o pr\u016fb\u011bhu Jirky stav\u016f. Z rozhovoru a tak\u00e9 podle toho co jsme u Jirky vid\u011bli  jsme usoudili, \u017ee by se mohlo jednat o p\u0159ivt\u011blenou du\u0161i (takzvan\u00e9ho na\u0161ept\u00e1va\u010de). Pokud \u010dlov\u011bk u sebe n\u011bco m\u00e1, vid\u00edme to formou r\u016fzn\u011b tmav\u00fdch st\u00edn\u016f a mas.  Druh\u00fd den jsme kontaktovali Lucku a vysv\u011btlili j\u00ed o co se nejsp\u00ed\u0161e u Jirky jedn\u00e1. Lucka souhlasila s n\u00e1v\u0161t\u011bvou p\u0159\u00edmo u nich doma.<br><br>N\u00e1v\u0161t\u011bvu jsme Domluvili na sobotu ve\u010der. U\u017e p\u0159i p\u0159\u00edchodu do bytu jsme vyc\u00edtili \u017ee nen\u00ed n\u011bco v po\u0159\u00e1dku. Sedli jsme si v ob\u00fdvac\u00edm pokoji a pov\u00eddali si. <br>&#8222;S sebou na tyto sezen\u00ed nos\u00edme k\u0159es\u0165ansk\u00e9 artefakty, kter\u00e9 poch\u00e1z\u00ed z Vatik\u00e1nu a jsou posv\u011bceny exorcisty, se kter\u00fdmi jsme pravideln\u011b v kontaktu.&#8220; <br>B\u011bhem na\u0161eho rozhovoru byl Jirka \u00fapln\u011b v po\u0159\u00e1dku, byl komunikativn\u00ed a usm\u011bvav\u00fd. Zd\u00e1lo se jako by mu nikdy nic nebylo. Lucka byla sama p\u0159ekvapena jak se Jirka choval. Toto trvalo do chv\u00edle ne\u017e jsme ode\u0161li dom\u016f.<\/p>\n\n\n\n<div class=\"wp-block-image\"><figure class=\"aligncenter\"><img loading=\"lazy\" width=\"450\" height=\"255\" src=\"https:\/\/nadprirozeno.cz\/wp-content\/uploads\/2019\/05\/fantasy-2879984_640.jpg\" alt=\"\" class=\"wp-image-283\" srcset=\"https:\/\/nadprirozeno.cz\/wp-content\/uploads\/2019\/05\/fantasy-2879984_640.jpg 450w, https:\/\/nadprirozeno.cz\/wp-content\/uploads\/2019\/05\/fantasy-2879984_640-300x170.jpg 300w, https:\/\/nadprirozeno.cz\/wp-content\/uploads\/2019\/05\/fantasy-2879984_640-210x119.jpg 210w\" sizes=\"(max-width: 450px) 100vw, 450px\" \/><\/figure><\/div>\n\n\n\n<p>Byl to pro n\u00e1s test abychom m\u011bli jistotu proti \u010demu stoj\u00edme. A dopadl \u00fasp\u011b\u0161n\u011b. V ned\u011bli jsme op\u011bt p\u0159i\u0161li k Jirkovi a Lucce. Ov\u0161em u\u017e vyzbrojeni na boj. Jirku i Lucku jsme informovali o tom co bude prob\u00edhat a dali se do pr\u00e1ce. Jako prvn\u00ed jsme museli zajistit odd\u011blen\u00ed Jirky od utla\u010dovatele. Provedli jsme vykou\u0159en\u00ed cel\u00e9ho bytu, abychom nezvan\u00e9ho hosta oslabili. Kdy\u017e jsme toto provedli, Jirka za\u010dal poci\u0165ovat n\u00e1hl\u00e9 \u00fatoky a st\u0159\u00edd\u00e1n\u00ed n\u00e1lad, proto dostal do ruky relikvii, kter\u00e1 mu pomohla toto zvl\u00e1dnout. Manipul\u00e1tor, kter\u00fd Jirku ovl\u00e1dal a na\u0161ept\u00e1val mu se br\u00e1nil, ale nakonec nevydr\u017eel pro n\u011bj nep\u0159\u00edjemn\u00e9 prost\u0159ed\u00ed a od Jirky se odd\u011blil. Na Jirkovi byla vid\u011bt neskute\u010dn\u00e1 \u00faleva. T\u00edm ale pro n\u00e1s pr\u00e1ce neskon\u010dila, ale naopak za\u010dala. Provedli jsme dal\u0161\u00ed vyku\u0159ov\u00e1n\u00ed abychom oslabili p\u0159ivt\u011blence, ale st\u00e1le byl moc siln\u00fd a br\u00e1nil se odveden\u00ed. V tu chv\u00edli jsme museli p\u0159ij\u00edt k vyhladov\u011bn\u00ed. Jirkovi jsme v\u011bnovali nejvy\u0161\u0161\u00ed ochrann\u00fd artefakt, kter\u00fd nosil st\u00e1le u sebe. T\u00edm jsme Jirku ochr\u00e1nili do doby, ne\u017e se p\u0159ivt\u011blen\u00e9 du\u0161e nadobro zbav\u00edme. Jirku i Lucku jsme p\u0159ipravili na to, co bude n\u00e1sledovat, jeliko\u017e entita bude po dne\u0161n\u00edm z\u00e1sahu zu\u0159it a kopat kolem sebe.<br><br>Druh\u00fd den n\u00e1m Lucka volala, \u017ee Jirka se po dlouh\u00e9 dob\u011b klidn\u011b vyspal, za to ona byla ve st\u0159ehu. I kdy\u017e to pro Lucku bylo t\u011b\u017ek\u00e9 ust\u00e1la to na jedni\u010dku. R\u00e1no toti\u017e na\u0161la povalen\u00fd velk\u00fd a t\u011b\u017ek\u00fd kv\u011btin\u00e1\u010d v ob\u00fdvac\u00edm pokoji a v pracovn\u011b m\u011bli oto\u010den\u00e9 a vyta\u017een\u00e9 \u017ealuzie, kter\u00e9 p\u0159ed span\u00edm byly zav\u0159en\u00e9. To pro n\u00e1s znamenalo \u017ee jsme na spr\u00e1vn\u00e9 cest\u011b.<br><br>Dal\u0161\u00ed n\u00e1v\u0161t\u011bva po p\u00e1r dnech byla ve znamen\u00ed vyho\u0161t\u011bn\u00ed nezvan\u00e9ho hosta. Od chv\u00edle co jsme ve\u0161li do bytu tam byla skoro hmatateln\u00e1 nep\u0159\u00e1telsk\u00e1 atmosf\u00e9ra. Op\u011bt jsme provedli vyku\u0159ov\u00e1n\u00ed a o\u010di\u0161t\u011bn\u00ed bytu a nakonec p\u0159istoupili k odveden\u00ed entity. U\u017e kdy\u017e jsme prov\u00e1d\u011bli vyku\u0159ov\u00e1n\u00ed na n\u00e1s entita \u00fato\u010dila a ukazovala se n\u00e1m jako znetvo\u0159en\u00e1 nelidsk\u00e1 postava, s obrovsk\u00fdmi dr\u00e1py a sna\u017eila se n\u00e1s zastra\u0161it. Systematicky jsme proch\u00e1zeli bytem a nahnali entitu do jedn\u00e9 m\u00edstnosti, kde jsme provedli odvod do sv\u011btla k vy\u0161\u0161\u00edmu soudu a jej\u00edmu o\u010distci.<br><br>Dozvuky samoz\u0159ejm\u011b byly, ty jsou v\u017edy. Nic nezmiz\u00ed ve vte\u0159in\u011b. Mohu ale \u0159\u00edci, \u017ee po t\u00fddnu se Jirka vr\u00e1til do b\u011b\u017en\u00e9ho \u017eivota a za\u010dal op\u011bt \u017e\u00edt. Nyn\u00ed, i po n\u011bkolika m\u011bs\u00edc\u00edch, jsou Jirka i Lucka naprosto v po\u0159\u00e1dku a jejich \u017eivot dostal op\u011bt sv\u011btlou podobu.<\/p>\n\n\n\n<div class=\"wp-block-image\"><figure class=\"aligncenter\"><img loading=\"lazy\" width=\"285\" height=\"277\" src=\"https:\/\/nadprirozeno.cz\/wp-content\/uploads\/2019\/05\/velky_814.jpeg\" alt=\"\" class=\"wp-image-284\" srcset=\"https:\/\/nadprirozeno.cz\/wp-content\/uploads\/2019\/05\/velky_814.jpeg 285w, https:\/\/nadprirozeno.cz\/wp-content\/uploads\/2019\/05\/velky_814-210x204.jpeg 210w\" sizes=\"(max-width: 285px) 100vw, 285px\" \/><figcaption>Benediktinsk\u00e1 medaile (k\u0159\u00ed\u017e svat\u00e9ho Benedikta)<br><br><br><br><\/figcaption><\/figure><\/div>\n","protected":false},"excerpt":{"rendered":"<p>P\u0159\u00edpad Mil\u00edn P\u0159\u00edpad je skute\u010dn\u00fd ov\u0161em jm\u00e9na jsou pozm\u011bn\u011bna z d\u016fvodu zachov\u00e1n\u00ed soukrom\u00ed. V \u00fanoru 2019 n\u00e1s kontaktoval man\u017eelsk\u00fd p\u00e1r Jirka a Lucka. Jirka trp\u00ed dlouhodob\u011b depresemi a neovladateln\u00fdmi stavy strachu o Lucku. Jirka byl dokonce v p\u00e9\u010di psychologa, ale stavy se moc nelep\u0161ily. Lucka se proto zkusila obr\u00e1tit na n\u00e1s. Domluvili jsme term\u00edn setk\u00e1n\u00ed [&hellip;]<\/p>\n","protected":false},"author":1,"featured_media":0,"parent":0,"menu_order":0,"comment_status":"closed","ping_status":"closed","template":"","meta":{"_monsterinsights_skip_tracking":false,"_monsterinsights_sitenote_active":false,"_monsterinsights_sitenote_note":"","_monsterinsights_sitenote_category":0},"_links":{"self":[{"href":"https:\/\/nadprirozeno.cz\/index.php\/wp-json\/wp\/v2\/pages\/281"}],"collection":[{"href":"https:\/\/nadprirozeno.cz\/index.php\/wp-json\/wp\/v2\/pages"}],"about":[{"href":"https:\/\/nadprirozeno.cz\/index.php\/wp-json\/wp\/v2\/types\/page"}],"author":[{"embeddable":true,"href":"https:\/\/nadprirozeno.cz\/index.php\/wp-json\/wp\/v2\/users\/1"}],"replies":[{"embeddable":true,"href":"https:\/\/nadprirozeno.cz\/index.php\/wp-json\/wp\/v2\/comments?post=281"}],"version-history":[{"count":5,"href":"https:\/\/nadprirozeno.cz\/index.php\/wp-json\/wp\/v2\/pages\/281\/revisions"}],"predecessor-version":[{"id":292,"href":"https:\/\/nadprirozeno.cz\/index.php\/wp-json\/wp\/v2\/pages\/281\/revisions\/292"}],"wp:attachment":[{"href":"https:\/\/nadprirozeno.cz\/index.php\/wp-json\/wp\/v2\/media?parent=281"}],"curies":[{"name":"wp","href":"https:\/\/api.w.org\/{rel}","templated":true}]}}