{"id":368,"date":"2019-06-25T18:59:59","date_gmt":"2019-06-25T16:59:59","guid":{"rendered":"http:\/\/nadprirozeno.cz\/?page_id=368"},"modified":"2019-06-25T18:59:59","modified_gmt":"2019-06-25T16:59:59","slug":"pamatnik-vitezstvi-u-obce-milin","status":"publish","type":"page","link":"https:\/\/nadprirozeno.cz\/index.php\/pamatnik-vitezstvi-u-obce-milin\/","title":{"rendered":"Pam\u00e1tn\u00edk v\u00edt\u011bzstv\u00ed u obce Mil\u00edn"},"content":{"rendered":"\n<h1>Pam\u00e1tn\u00edk v\u00edt\u011bzstv\u00ed u obce Mil\u00edn<\/h1>\n\n\n\n<p>Pam\u00e1tn\u00edk se nach\u00e1z\u00ed na \u00fazem\u00ed obce Mil\u00edn a je vybudov\u00e1n na n\u00e1vr\u0161\u00ed mezi Mil\u00ednem a jeho osadou Slivice. Pam\u00e1tn\u00edk m\u00e1 za \u00fakol vyjad\u0159ovat ideu konce 2. sv\u011btov\u00e9 v\u00e1lky a definitivn\u00ed por\u00e1\u017eku hitlerovsk\u00fdch arm\u00e1d posledn\u00edm bojem na evropsk\u00e9m kontinentu. Z\u00e1rove\u0148 slou\u017e\u00ed jako p\u0159ipom\u00ednka nespo\u010detn\u00fdch ob\u011bt\u00ed, je\u017e si v\u00e1lka vy\u017e\u00e1dala v \u0159ad\u00e1ch vojsk, partyz\u00e1n\u016f i mezi civilisty v cel\u00e9m regionu.<\/p>\n\n\n\n<div class=\"wp-block-image\"><figure class=\"aligncenter\"><img loading=\"lazy\" width=\"576\" height=\"1024\" src=\"https:\/\/nadprirozeno.cz\/wp-content\/uploads\/2019\/06\/IMG_20190625_174049u-576x1024.jpg\" alt=\"\" class=\"wp-image-369\" srcset=\"https:\/\/nadprirozeno.cz\/wp-content\/uploads\/2019\/06\/IMG_20190625_174049u-576x1024.jpg 576w, https:\/\/nadprirozeno.cz\/wp-content\/uploads\/2019\/06\/IMG_20190625_174049u-169x300.jpg 169w, https:\/\/nadprirozeno.cz\/wp-content\/uploads\/2019\/06\/IMG_20190625_174049u-118x210.jpg 118w, https:\/\/nadprirozeno.cz\/wp-content\/uploads\/2019\/06\/IMG_20190625_174049u.jpg 600w\" sizes=\"(max-width: 576px) 100vw, 576px\" \/><\/figure><\/div>\n\n\n\n<p>N\u011bkte\u0159\u00ed lid\u00e9 na tomto m\u00edst\u011b poci\u0165uj\u00ed zvl\u00e1\u0161tn\u00ed pocity toho \u017ee zde nejsou sami, n\u011bkte\u0159\u00ed hovo\u0159\u00ed o panice, kter\u00e1 zjevn\u011b nem\u00e1 p\u0159\u00ed\u010diny a \u010d\u00e1st dot\u00e1zan\u00fdch zde naopak popisuje pocit klidu a napln\u011bn\u00ed.<br><br>Rozhodli jsme se \u017ee toto m\u00edsto nav\u0161t\u00edv\u00edme tak\u00e9 s na\u0161\u00ed technikou a zjist\u00edme jak\u00e1 je skute\u010dnost. Na pam\u00e1tn\u00edk jsme dorazili s Lenkou p\u0159ibli\u017en\u011b kolem p\u016flnoci. Vyndali jsme fotoapar\u00e1t, baterku a diktafony. Cestou k pam\u00e1tn\u00edku jsme zjistili \u017ee v okol\u00ed se pohybuje spousta zv\u011b\u0159e, tud\u00ed\u017e jsme rovnou ze zvukov\u00fdch projev\u016f eliminovali kroky a \u0161ust\u011bn\u00ed v okoln\u00edm porostu. Ud\u011blali jsme p\u00e1r fotografi\u00ed pro za\u010d\u00e1tek jako p\u0159i ka\u017ed\u00e9m vy\u0161et\u0159ov\u00e1n\u00ed. (Pom\u00e1h\u00e1 n\u00e1m to ur\u010dit jak byly objekty um\u00edst\u011bny na za\u010d\u00e1tku vy\u0161et\u0159ov\u00e1n\u00ed.) <\/p>\n\n\n\n<ul class=\"wp-container-2 wp-block-gallery-1 wp-block-gallery columns-2 is-cropped\"><li class=\"blocks-gallery-item\"><figure><img loading=\"lazy\" width=\"600\" height=\"800\" src=\"https:\/\/nadprirozeno.cz\/wp-content\/uploads\/2019\/06\/IMG_20190615_000431u.jpg\" alt=\"\" data-id=\"371\" data-link=\"https:\/\/nadprirozeno.cz\/?attachment_id=371\" class=\"wp-image-371\" srcset=\"https:\/\/nadprirozeno.cz\/wp-content\/uploads\/2019\/06\/IMG_20190615_000431u.jpg 600w, https:\/\/nadprirozeno.cz\/wp-content\/uploads\/2019\/06\/IMG_20190615_000431u-225x300.jpg 225w, https:\/\/nadprirozeno.cz\/wp-content\/uploads\/2019\/06\/IMG_20190615_000431u-158x210.jpg 158w\" sizes=\"(max-width: 600px) 100vw, 600px\" \/><\/figure><\/li><li class=\"blocks-gallery-item\"><figure><img loading=\"lazy\" width=\"600\" height=\"800\" src=\"https:\/\/nadprirozeno.cz\/wp-content\/uploads\/2019\/06\/IMG_20190615_000436u.jpg\" alt=\"\" data-id=\"370\" data-link=\"https:\/\/nadprirozeno.cz\/?attachment_id=370\" class=\"wp-image-370\" srcset=\"https:\/\/nadprirozeno.cz\/wp-content\/uploads\/2019\/06\/IMG_20190615_000436u.jpg 600w, https:\/\/nadprirozeno.cz\/wp-content\/uploads\/2019\/06\/IMG_20190615_000436u-225x300.jpg 225w, https:\/\/nadprirozeno.cz\/wp-content\/uploads\/2019\/06\/IMG_20190615_000436u-158x210.jpg 158w\" sizes=\"(max-width: 600px) 100vw, 600px\" \/><\/figure><\/li><\/ul>\n\n\n\n<p>Zkou\u0161eli jsme komunikaci s p\u0159\u00edpadn\u00fdmi entitami, proto Lenka vzala diktafon a za\u010dala se pt\u00e1t. Na nahr\u00e1vk\u00e1ch, p\u0159i n\u00e1sledn\u00e9m poslechu, byl sly\u0161et pouze rachot v okoln\u00edm porostu. Proto se Lenka zeptala zda, kdy\u017e necht\u011bj\u00ed komunikovat, si m\u016f\u017ee n\u011bkoho alespo\u0148 vyfotit, na\u010de\u017e za\u010dala fotit pam\u00e1tn\u00edk sekven\u010dn\u011b jednu fotografii za druhou. B\u011bhem focen\u00ed jsme za\u010dali oba poci\u0165ovat zm\u011bny v atmosf\u00e9\u0159e kolem pam\u00e1tn\u00edku a za\u010dalo n\u00e1m p\u0159ipadat, \u017ee n\u00e1s n\u011bkdo pozoruje, ale Lenka pokra\u010dovala d\u00e1l ve focen\u00ed pam\u00e1tn\u00edku. Asi po 30ti vte\u0159in\u00e1ch se pocit sledov\u00e1n\u00ed za\u010dal zhor\u0161ovat, proto jsme slu\u0161n\u011b pod\u011bkovali a dali se na odchod. Doma jsme zaznamenan\u00fd materi\u00e1l podrobili anal\u00fdze, kde na zvukov\u00fdch nahr\u00e1vk\u00e1ch toho moc nebylo, ale na fotografi\u00edch &#8211; to nech\u00e1me na Va\u0161em posouzen\u00ed. Ale jeliko\u017e to bylo podle \u010dasov\u00e9 zna\u010dky po Len\u010din\u011b \u017e\u00e1dosti zda si m\u016f\u017ee n\u011bkoho z nich vyfotografovat, tak je to dosti zaj\u00edmav\u00e9.<\/p>\n\n\n\n<figure class=\"wp-block-image\"><img loading=\"lazy\" width=\"768\" height=\"1024\" src=\"https:\/\/nadprirozeno.cz\/wp-content\/uploads\/2019\/06\/IMG_20190615_001334-768x1024.jpg\" alt=\"\" class=\"wp-image-372\" srcset=\"https:\/\/nadprirozeno.cz\/wp-content\/uploads\/2019\/06\/IMG_20190615_001334-768x1024.jpg 768w, https:\/\/nadprirozeno.cz\/wp-content\/uploads\/2019\/06\/IMG_20190615_001334-225x300.jpg 225w, https:\/\/nadprirozeno.cz\/wp-content\/uploads\/2019\/06\/IMG_20190615_001334-158x210.jpg 158w, https:\/\/nadprirozeno.cz\/wp-content\/uploads\/2019\/06\/IMG_20190615_001334-1536x2048.jpg 1536w, https:\/\/nadprirozeno.cz\/wp-content\/uploads\/2019\/06\/IMG_20190615_001334-1960x2613.jpg 1960w\" sizes=\"(max-width: 768px) 100vw, 768px\" \/><figcaption>P\u0159ed \u017e\u00e1dost\u00ed o fotografii<\/figcaption><\/figure>\n\n\n\n<figure class=\"wp-block-image\"><img loading=\"lazy\" width=\"768\" height=\"1024\" src=\"https:\/\/nadprirozeno.cz\/wp-content\/uploads\/2019\/06\/IMG_20190615_001344-768x1024.jpg\" alt=\"\" class=\"wp-image-373\" srcset=\"https:\/\/nadprirozeno.cz\/wp-content\/uploads\/2019\/06\/IMG_20190615_001344-768x1024.jpg 768w, https:\/\/nadprirozeno.cz\/wp-content\/uploads\/2019\/06\/IMG_20190615_001344-225x300.jpg 225w, https:\/\/nadprirozeno.cz\/wp-content\/uploads\/2019\/06\/IMG_20190615_001344-158x210.jpg 158w, https:\/\/nadprirozeno.cz\/wp-content\/uploads\/2019\/06\/IMG_20190615_001344-1536x2048.jpg 1536w, https:\/\/nadprirozeno.cz\/wp-content\/uploads\/2019\/06\/IMG_20190615_001344-1960x2613.jpg 1960w\" sizes=\"(max-width: 768px) 100vw, 768px\" \/><figcaption>Po \u017e\u00e1dosti o fotografii<\/figcaption><\/figure>\n\n\n\n<p>Pokud v\u00edte o zvl\u00e1\u0161tn\u00edch m\u00edstech, kter\u00e1 bychom m\u011bli nav\u0161t\u00edvit, tak nev\u00e1hejte a napi\u0161te n\u00e1m. Jsme vd\u011b\u010dni za ka\u017edou Va\u0161i reakci i koment\u00e1\u0159 v na\u0161\u00ed skupin\u011b na <a href=\"https:\/\/www.facebook.com\/groups\/1692676327510127\/?ref=bookmarks\">Facebooku.<\/a><br><\/p>\n","protected":false},"excerpt":{"rendered":"<p>Pam\u00e1tn\u00edk v\u00edt\u011bzstv\u00ed u obce Mil\u00edn Pam\u00e1tn\u00edk se nach\u00e1z\u00ed na \u00fazem\u00ed obce Mil\u00edn a je vybudov\u00e1n na n\u00e1vr\u0161\u00ed mezi Mil\u00ednem a jeho osadou Slivice. Pam\u00e1tn\u00edk m\u00e1 za \u00fakol vyjad\u0159ovat ideu konce 2. sv\u011btov\u00e9 v\u00e1lky a definitivn\u00ed por\u00e1\u017eku hitlerovsk\u00fdch arm\u00e1d posledn\u00edm bojem na evropsk\u00e9m kontinentu. Z\u00e1rove\u0148 slou\u017e\u00ed jako p\u0159ipom\u00ednka nespo\u010detn\u00fdch ob\u011bt\u00ed, je\u017e si v\u00e1lka vy\u017e\u00e1dala v \u0159ad\u00e1ch [&hellip;]<\/p>\n","protected":false},"author":1,"featured_media":0,"parent":0,"menu_order":0,"comment_status":"closed","ping_status":"closed","template":"","meta":{"_monsterinsights_skip_tracking":false,"_monsterinsights_sitenote_active":false,"_monsterinsights_sitenote_note":"","_monsterinsights_sitenote_category":0},"_links":{"self":[{"href":"https:\/\/nadprirozeno.cz\/index.php\/wp-json\/wp\/v2\/pages\/368"}],"collection":[{"href":"https:\/\/nadprirozeno.cz\/index.php\/wp-json\/wp\/v2\/pages"}],"about":[{"href":"https:\/\/nadprirozeno.cz\/index.php\/wp-json\/wp\/v2\/types\/page"}],"author":[{"embeddable":true,"href":"https:\/\/nadprirozeno.cz\/index.php\/wp-json\/wp\/v2\/users\/1"}],"replies":[{"embeddable":true,"href":"https:\/\/nadprirozeno.cz\/index.php\/wp-json\/wp\/v2\/comments?post=368"}],"version-history":[{"count":1,"href":"https:\/\/nadprirozeno.cz\/index.php\/wp-json\/wp\/v2\/pages\/368\/revisions"}],"predecessor-version":[{"id":374,"href":"https:\/\/nadprirozeno.cz\/index.php\/wp-json\/wp\/v2\/pages\/368\/revisions\/374"}],"wp:attachment":[{"href":"https:\/\/nadprirozeno.cz\/index.php\/wp-json\/wp\/v2\/media?parent=368"}],"curies":[{"name":"wp","href":"https:\/\/api.w.org\/{rel}","templated":true}]}}