{"id":486,"date":"2019-08-20T19:29:39","date_gmt":"2019-08-20T17:29:39","guid":{"rendered":"http:\/\/nadprirozeno.cz\/?page_id=486"},"modified":"2019-08-22T11:19:37","modified_gmt":"2019-08-22T09:19:37","slug":"exorcista","status":"publish","type":"page","link":"https:\/\/nadprirozeno.cz\/index.php\/exorcista\/","title":{"rendered":"Exorcista"},"content":{"rendered":"\n<h1>Exorcista<\/h1>\n\n\n\n<p>Lid\u00e9 jsou \u010dasto ovlivn\u011bni filmy. Jak\u00e1 je ale skute\u010dnost?<\/p>\n\n\n\n<p>Exorcismus, neboli vym\u00edt\u00e1n\u00ed je  \u010dinnost \u010di \u00fakon, jeho\u017e c\u00edlem je z lid\u00ed, zv\u00ed\u0159at nebo v\u011bc\u00ed, kter\u00e9 jsou ozna\u010den\u00e9 jako posedl\u00e9, vypudit \u010f\u00e1bla nebo jin\u00e9 zl\u00e9 s\u00edly. V nov\u00e9m z\u00e1kon\u011b je existence \u010f\u00e1bla a d\u00e9mon\u016f bran\u00e1 jako samoz\u0159ejmost a jejich vliv na \u010dlov\u011bka neust\u00e1le stoup\u00e1. Je tedy z\u0159ejm\u00e9, \u017ee exorcisti maj\u00ed neust\u00e1le pln\u00e9 ruce pr\u00e1ce a je jich nedostatek. V \u010cesk\u00e9 republice jich je moment\u00e1ln\u011b ve slu\u017eb\u011b 7. Podle exorcisty Anton\u00edna slou\u017e\u00edc\u00edho v Praze \u0159e\u0161\u00ed p\u0159\u00edpady dvakr\u00e1t do t\u00fddne. Ne v\u017edycky se ale jedn\u00e1 o napaden\u00ed zl\u00fdm duchem. \u010casto exorcisty volaj\u00ed lid\u00e9, kte\u0159\u00ed maj\u00ed psychick\u00e9 probl\u00e9my, tak\u017ee je nejd\u0159\u00edve t\u0159eba zjistit pravou p\u0159\u00ed\u010dinu jejich pot\u00ed\u017e\u00ed. Samoz\u0159ejmost\u00ed je, \u017ee nelze pomoci \u010dlov\u011bku, kter\u00fd o pomoc nepo\u017e\u00e1d\u00e1. Pokud \u010dlov\u011bk k sob\u011b v\u011bdom\u011b p\u0159ivede zlo a nechce se ho vzd\u00e1t, nikdo z n\u011bj zlo nedok\u00e1\u017ee sejmout. B\u016fh pom\u016f\u017ee t\u011bm, co o pomoc stoj\u00ed. Pokud m\u00e1te probl\u00e9my duchovn\u00edho charakteru, tak nejprve kontaktujte sv\u00e9ho far\u00e1\u0159e, nebo napi\u0161te email na farnost, kter\u00e1 m\u00e1 exorcistu. Nejprve budete kontaktov\u00e1ni a budou zji\u0161t\u011bny ve\u0161ker\u00e9 podrobnosti, kter\u00e9 jsou nutn\u00e9 pro povolen\u00ed exorcismu. Pokud je V\u00e1\u0161 probl\u00e9m natolik z\u00e1va\u017en\u00fd, \u017ee vy\u017eaduje exorcismus bude u V\u00e1s povolen.<br><br>V roce 1576 sepsal Girolamo  Menghi p\u0159\u00edru\u010dku pro exorcisty- 10 zp\u016fsob\u016f, jak zapudit \u010f\u00e1bla snadno a rychle.<br><\/p>\n\n\n\n<div class=\"wp-block-image\"><figure class=\"aligncenter\"><img loading=\"lazy\" width=\"681\" height=\"1024\" src=\"https:\/\/nadprirozeno.cz\/wp-content\/uploads\/2019\/08\/17301759198-681x1024.jpg\" alt=\"\" class=\"wp-image-488\" srcset=\"https:\/\/nadprirozeno.cz\/wp-content\/uploads\/2019\/08\/17301759198-681x1024.jpg 681w, https:\/\/nadprirozeno.cz\/wp-content\/uploads\/2019\/08\/17301759198-199x300.jpg 199w, https:\/\/nadprirozeno.cz\/wp-content\/uploads\/2019\/08\/17301759198-768x1155.jpg 768w, https:\/\/nadprirozeno.cz\/wp-content\/uploads\/2019\/08\/17301759198-140x210.jpg 140w, https:\/\/nadprirozeno.cz\/wp-content\/uploads\/2019\/08\/17301759198.jpg 997w\" sizes=\"(max-width: 681px) 100vw, 681px\" \/><\/figure><\/div>\n\n\n\n<p>Jako men\u0161\u00ed exorcismus je pova\u017eov\u00e1n i k\u0159est, kdy se z osoby vyh\u00e1n\u00ed zlo. Jsou m\u00e9n\u011b dramatick\u00e9, ale v\u00fdznam je stejn\u00fd.<br><\/p>\n\n\n\n<p>V roce 1991 zalo\u017eil otec Gabriele Amorth Italskou asociaci exorcist\u016f a roku 1993 zalo\u017eil Mezin\u00e1rodn\u00ed asociaci exorcist\u016f, kter\u00e1 byla ofici\u00e1ln\u011b uzn\u00e1na Vatik\u00e1nem. V roce 2016 byla ustanovena i \u010deskoslovensk\u00e1 asociace maj\u00edc\u00ed v t\u00e9 dob\u011b 10 \u010dlen\u016f.<br>Na konci 3.stolet\u00ed byla slu\u017eba exorcisty velice roz\u0161\u00ed\u0159en\u00e1. Exorcismus tvo\u0159il sou\u010d\u00e1st katechumen\u00e1tu a k\u0159estn\u00ed liturgie (v katolick\u00e9 c\u00edrkvi pou\u017e\u00edv\u00e1n dodnes). <br>Nejb\u011b\u017en\u011bj\u0161\u00ed a nej\u00fa\u010dinn\u011bj\u0161\u00ed zbra\u0148 v boji proti zlu je dodnes k\u0159\u00ed\u017e otce Benedikta, znamen\u00ed k\u0159\u00ed\u017ee, Je\u017e\u00ed\u0161ovo jm\u00e9no, sv\u011bcen\u00e1 voda a po\u017eehnan\u00e9 p\u0159edm\u011bty.<br><br><\/p>\n\n\n\n<div class=\"wp-block-image\"><figure class=\"aligncenter\"><img loading=\"lazy\" width=\"232\" height=\"350\" src=\"https:\/\/nadprirozeno.cz\/wp-content\/uploads\/2019\/08\/8095433.jpg\" alt=\"\" class=\"wp-image-489\" srcset=\"https:\/\/nadprirozeno.cz\/wp-content\/uploads\/2019\/08\/8095433.jpg 232w, https:\/\/nadprirozeno.cz\/wp-content\/uploads\/2019\/08\/8095433-199x300.jpg 199w, https:\/\/nadprirozeno.cz\/wp-content\/uploads\/2019\/08\/8095433-139x210.jpg 139w\" sizes=\"(max-width: 232px) 100vw, 232px\" \/><\/figure><\/div>\n\n\n\n<p>Druhy posednut\u00ed:<br>1.) Infestace- zamo\u0159en\u00ed m\u00edst, dom\u016f, zv\u00ed\u0159at nebo p\u0159edm\u011bt\u016f. Jako boj proti zamo\u0159en\u00ed \u00fadajn\u011b posta\u010d\u00ed po\u017eehn\u00e1n\u00ed.<br>2.) Vexace- Vn\u011bj\u0161\u00ed \u00fatoky d\u00e9mon\u016f. Nejde o pravou posedlost, ale o pron\u00e1sledov\u00e1n\u00ed, kter\u00e9 se projevuje jako \u0159ada \u017eivotn\u00edch ne\u00fasp\u011bch\u016f.<br>3.) Obsese- Zl\u00e9 my\u0161lenky, kter\u00e9 jsou ob\u011bti podsouv\u00e1ny a vnucov\u00e1ny bez mo\u017enosti se br\u00e1nit.<br>4.) Posese- Lid\u00e9 jsou ovl\u00e1d\u00e1ni \u010f\u00e1blem nebo d\u00e9mony, kte\u0159\u00ed je nut\u00ed mluvit nebo jednat proti jejich v\u016fli.<br>5.) Dobrovoln\u00e9 podroben\u00ed- \u010clov\u011bk s\u00e1m vyhled\u00e1 \u010f\u00e1bla, nebo ho uct\u00edv\u00e1, \u010di provozuje okultn\u00ed praktiky.<br><br><br><\/p>\n\n\n\n<p>Pokud si mysl\u00edte, \u017ee m\u00e1te siln\u00fd \u017ealudek, tak se pod\u00edvejte na toto video z youtube. Netvrd\u00edm, \u017ee jde o \u010dlov\u011bka napaden\u00e9ho d\u00e9monem. M\u016f\u017ee j\u00edt o n\u011bjakou poruchu sebepo\u0161kozov\u00e1n\u00ed. Ud\u011blejte si vlastn\u00ed n\u00e1zor.<\/p>\n\n\n\n<figure class=\"wp-block-embed-youtube wp-block-embed is-type-video is-provider-youtube wp-embed-aspect-16-9 wp-has-aspect-ratio\"><div class=\"wp-block-embed__wrapper\">\n<iframe loading=\"lazy\" width=\"980\" height=\"551\" src=\"https:\/\/www.youtube.com\/embed\/ieZlXMzI0XM?feature=oembed\" frameborder=\"0\" allow=\"accelerometer; autoplay; encrypted-media; gyroscope; picture-in-picture\" allowfullscreen><\/iframe>\n<\/div><\/figure>\n\n\n\n<p>Jak poznat posedlost? to jde podle exorcist\u016f velice t\u011b\u017eko. \u010casto jde o poruchu disociace, maniodeprese, schizofrenie, hysterie aj. <br>Existuj\u00ed \u010dty\u0159i symptomy- nadlidsk\u00e1 s\u00edla, mluven\u00ed nezn\u00e1mou \u0159e\u010d\u00ed, zu\u0159iv\u00e1 rouhavost a tak\u00e9 odpor k po\u017eehnan\u00fdm a posv\u00e1tn\u00fdm p\u0159edm\u011bt\u016fm. <br>Mezi symptomy m\u016f\u017ee pat\u0159it tak\u00e9 zvracen\u00ed p\u0159edm\u011bt\u016f-jako t\u0159eba h\u0159eb\u00edky, kousky skla atd. Je t\u0159eba to ale vylou\u010dit, proto\u017ee se m\u016f\u017ee jednat o n\u011bjakou poruchu a lid\u00e9 tyto p\u0159edm\u011bty spolykaj\u00ed aby si \u00famysln\u011b ubl\u00ed\u017eili.<br>Podle Amortha je opravdov\u00e9 posednut\u00ed velice vz\u00e1cn\u00e9.<br>Ritu\u00e1l p\u0159i posednut\u00ed: V\u017edy za\u010d\u00edn\u00e1 modlitbou, pot\u00e9 kn\u011bz na posedl\u00e9ho polo\u017e\u00ed fialovou \u0161t\u00f3lu, u\u010din\u00ed znamen\u00ed k\u0159\u00ed\u017ee a pou\u017eije sv\u011bcenou vodu. Spole\u010dn\u011b s posednut\u00fdm (pokud posednut\u00fd spolupracuje) se za\u010dnou modlit. Kn\u011bz mus\u00ed d\u00e9mona vyzpov\u00eddat, zjistit jeho jm\u00e9no, zp\u016fsob proniknut\u00ed do ob\u011bti, kdy se tak stalo. Jakmile zjist\u00ed tyto fakta, na\u0159\u00edd\u00ed d\u00e9monovi, aby opustil t\u011blo posedl\u00e9ho. M\u00e1lokdy se vym\u00edt\u00e1n\u00ed povede napoprv\u00e9. M\u016f\u017ee trvat dokonce i roky.<br>\u010e\u00e1bel V\u00e1s nesm\u00ed posednout, pokud mu to n\u011bjak\u00fdm zp\u016fsobem nepovol\u00edte. Z\u00e1le\u017e\u00ed i na Va\u0161em postoji k \u017eivotu a v\u0161\u00edm co d\u011bl\u00e1te i na Va\u0161ich my\u0161lenk\u00e1ch.<br>Film nato\u010den podle skute\u010dn\u00e9 ud\u00e1losti je t\u0159eba -V moci \u010f\u00e1bla z roku 2005. Dal\u0161\u00ed zaj\u00edmav\u011b nato\u010den\u00fd film je &#8211;<a href=\"http:\/\/www.bombuj.tv\/online-film-obrad\">Ob\u0159ad 2011<\/a>-.<\/p>\n","protected":false},"excerpt":{"rendered":"<p>Exorcista Lid\u00e9 jsou \u010dasto ovlivn\u011bni filmy. Jak\u00e1 je ale skute\u010dnost? Exorcismus, neboli vym\u00edt\u00e1n\u00ed je \u010dinnost \u010di \u00fakon, jeho\u017e c\u00edlem je z lid\u00ed, zv\u00ed\u0159at nebo v\u011bc\u00ed, kter\u00e9 jsou ozna\u010den\u00e9 jako posedl\u00e9, vypudit \u010f\u00e1bla nebo jin\u00e9 zl\u00e9 s\u00edly. V nov\u00e9m z\u00e1kon\u011b je existence \u010f\u00e1bla a d\u00e9mon\u016f bran\u00e1 jako samoz\u0159ejmost a jejich vliv na \u010dlov\u011bka neust\u00e1le stoup\u00e1. Je [&hellip;]<\/p>\n","protected":false},"author":1,"featured_media":0,"parent":0,"menu_order":0,"comment_status":"closed","ping_status":"closed","template":"","meta":{"_monsterinsights_skip_tracking":false,"_monsterinsights_sitenote_active":false,"_monsterinsights_sitenote_note":"","_monsterinsights_sitenote_category":0},"_links":{"self":[{"href":"https:\/\/nadprirozeno.cz\/index.php\/wp-json\/wp\/v2\/pages\/486"}],"collection":[{"href":"https:\/\/nadprirozeno.cz\/index.php\/wp-json\/wp\/v2\/pages"}],"about":[{"href":"https:\/\/nadprirozeno.cz\/index.php\/wp-json\/wp\/v2\/types\/page"}],"author":[{"embeddable":true,"href":"https:\/\/nadprirozeno.cz\/index.php\/wp-json\/wp\/v2\/users\/1"}],"replies":[{"embeddable":true,"href":"https:\/\/nadprirozeno.cz\/index.php\/wp-json\/wp\/v2\/comments?post=486"}],"version-history":[{"count":4,"href":"https:\/\/nadprirozeno.cz\/index.php\/wp-json\/wp\/v2\/pages\/486\/revisions"}],"predecessor-version":[{"id":493,"href":"https:\/\/nadprirozeno.cz\/index.php\/wp-json\/wp\/v2\/pages\/486\/revisions\/493"}],"wp:attachment":[{"href":"https:\/\/nadprirozeno.cz\/index.php\/wp-json\/wp\/v2\/media?parent=486"}],"curies":[{"name":"wp","href":"https:\/\/api.w.org\/{rel}","templated":true}]}}