{"id":502,"date":"2019-09-01T17:39:39","date_gmt":"2019-09-01T15:39:39","guid":{"rendered":"http:\/\/nadprirozeno.cz\/?page_id=502"},"modified":"2019-09-01T17:39:39","modified_gmt":"2019-09-01T15:39:39","slug":"pripad-od-warrenovych-david-glatzel-a-johnson","status":"publish","type":"page","link":"https:\/\/nadprirozeno.cz\/index.php\/pripad-od-warrenovych-david-glatzel-a-johnson\/","title":{"rendered":"P\u0159\u00edpad od Warrenov\u00fdch-David Glatzel a Johnson"},"content":{"rendered":"\n<h1>P\u0159\u00edpad od Warrenov\u00fdch-David Glatzel a Johnson<\/h1>\n\n\n\n<p>Dal\u0161\u00ed p\u0159\u00edpad Eda a Lorraine Warrenov\u00fdch je sice m\u00e9n\u011b zn\u00e1m\u00fd, o to v\u00edce ale d\u011bsiv\u00fd.<br>Tento p\u0159\u00edpad se odehr\u00e1v\u00e1 v roce 1980, kdy se rodina Glatzeov\u00fdch p\u0159est\u011bhuje do domu v Brookfieldu v Connecticutu.<br>Za necel\u00fd m\u011bs\u00edc za\u010dne v dom\u011b doch\u00e1zet k nevysv\u011btliteln\u00fdm a podez\u0159el\u00fdm ud\u00e1lostem.<br>Tyto nezn\u00e1m\u00e9 s\u00edly se za\u010dali zam\u011b\u0159ovat na jeden\u00e1ctilet\u00e9ho chlapce Davida Glatzela.<br>David za\u010dne v dom\u011b v\u00eddat p\u0159\u00edzraky nap\u0159\u00edklad jako je star\u00fd mu\u017e se sp\u00e1lenou k\u016f\u017e\u00ed. Mu\u017ee s velk\u00fdma \u010dern\u00fdma o\u010dima, zv\u00ed\u0159ec\u00edmi rysy (ostr\u00fdmi a nerovnom\u011brn\u00fdmi zuby), kopyty a rohy) .<br><br><\/p>\n\n\n\n<div class=\"wp-block-image\"><figure class=\"aligncenter\"><img loading=\"lazy\" width=\"360\" height=\"535\" src=\"https:\/\/nadprirozeno.cz\/wp-content\/uploads\/2019\/09\/051475_360W.png\" alt=\"\" class=\"wp-image-503\" srcset=\"https:\/\/nadprirozeno.cz\/wp-content\/uploads\/2019\/09\/051475_360W.png 360w, https:\/\/nadprirozeno.cz\/wp-content\/uploads\/2019\/09\/051475_360W-202x300.png 202w, https:\/\/nadprirozeno.cz\/wp-content\/uploads\/2019\/09\/051475_360W-141x210.png 141w\" sizes=\"(max-width: 360px) 100vw, 360px\" \/><\/figure><\/div>\n\n\n\n<p>Chlapec za\u010dal v transu mluvit ciz\u00edm jazykem, nelidsky vr\u010det, nav\u00edc se mu na t\u011ble objevuj\u00ed kousance a \u0161kr\u00e1bance, kter\u00e9 by si s\u00e1m ud\u011blat nemohl. Na vchodov\u00fdch dve\u0159\u00edch se objevuj\u00ed \u0161kr\u00e1bance, jako by se n\u011bco pokou\u0161elo dostat dovnit\u0159 bez povolen\u00ed. Nav\u00edc chlapec, kter\u00fd byl v druh\u00e9m pat\u0159e dok\u00e1zal naprosto p\u0159esn\u011b popsat tyto r\u00fdhy, i jak vypadaj\u00ed, i kdy\u017e se z pokoje nedostal ven. Jeho vize se st\u00e1le zhor\u0161ovaly a byli \u010dast\u011bj\u0161\u00ed i ve dne. Rodina  p\u0159esn\u011b dvan\u00e1ct dn\u00ed po prvn\u00edm incidentu zavolala na pomoc Warrenovy. Lorraine si p\u0159i prvn\u00ed n\u00e1v\u0161t\u011bv\u011b ihned v\u0161imla \u010dern\u00e9 mlhy, kter\u00e1 se vzn\u00e1\u0161ela nad chlapcem. Sestra Debbie s matkou pov\u011bd\u011bly Warrenov\u00fdm, jak n\u011bkolikr\u00e1t pozorovaly Davida, kter\u00e9ho n\u011bco neviditeln\u00e9ho bilo a dusilo. Pot\u00e9 mu na krku nasko\u010dilo mnoho \u010derveno\u010dern\u00fdch podlitin. David v P\u0159\u00edtomnosti Eda vr\u010del, sy\u010del a mluvil sv\u011btsk\u00fdmi hlasy a dokonce recitoval pas\u00e1\u017ee z Bible. Jakmile Warrenovi zajistily d\u016fkazy o posedlosti, za\u010dalo se s exorcismem. P\u0159esn\u011bji \u0159e\u010deno t\u0159em men\u0161\u00edm.<\/p>\n\n\n\n<div class=\"wp-block-image\"><figure class=\"aligncenter\"><img loading=\"lazy\" width=\"288\" height=\"450\" src=\"https:\/\/nadprirozeno.cz\/wp-content\/uploads\/2019\/09\/106017911-288-k528425.jpg\" alt=\"\" class=\"wp-image-504\" srcset=\"https:\/\/nadprirozeno.cz\/wp-content\/uploads\/2019\/09\/106017911-288-k528425.jpg 288w, https:\/\/nadprirozeno.cz\/wp-content\/uploads\/2019\/09\/106017911-288-k528425-192x300.jpg 192w, https:\/\/nadprirozeno.cz\/wp-content\/uploads\/2019\/09\/106017911-288-k528425-134x210.jpg 134w\" sizes=\"(max-width: 288px) 100vw, 288px\" \/><figcaption>zdroj Goggle<\/figcaption><\/figure><\/div>\n\n\n\n<p>Dokonce Lorraine byla sv\u011bdkem, kdy David za\u010dal levitovat, b\u011bhem exorcismu p\u0159est\u00e1val d\u00fdchat a \u010dasto prokazoval schopnost p\u0159edv\u00edd\u00e1n\u00ed. Konkr\u00e9tn\u011b k vra\u017ed\u011b, kterou by pozd\u011bji mohl prov\u00e9st Johnson (p\u0159\u00edtel Davidovi sestry Debbie, kter\u00fd s nimi bydlel). Warrenovi tuto zpr\u00e1vu nebraly v\u016fbec na lehkou v\u00e1hu a o n\u011bkolik dn\u00ed pozd\u011bji dokonce informovali policii o mo\u017en\u00e9m nebezpe\u010d\u00ed.<br><br><\/p>\n\n\n\n<figure class=\"wp-block-image\"><img loading=\"lazy\" width=\"624\" height=\"370\" src=\"https:\/\/nadprirozeno.cz\/wp-content\/uploads\/2019\/09\/BBW6Lf2.jpg\" alt=\"\" class=\"wp-image-505\" srcset=\"https:\/\/nadprirozeno.cz\/wp-content\/uploads\/2019\/09\/BBW6Lf2.jpg 624w, https:\/\/nadprirozeno.cz\/wp-content\/uploads\/2019\/09\/BBW6Lf2-300x178.jpg 300w, https:\/\/nadprirozeno.cz\/wp-content\/uploads\/2019\/09\/BBW6Lf2-210x125.jpg 210w\" sizes=\"(max-width: 624px) 100vw, 624px\" \/><\/figure>\n\n\n\n<p>Pokud d\u00e9monovi dovol\u00edte \u00famysln\u011b se V\u00e1s zmocnit, je v\u0161e mnohem hor\u0161\u00ed a d\u00e9mona pot\u00e9 vypudit b\u00fdv\u00e1 t\u00e9m\u011b\u0159 nemo\u017en\u00e9, jeliko\u017e to ten doty\u010dn\u00fd \u010dlov\u011bk ud\u011bl\u00e1 v pln\u00e9m v\u011bdom\u00ed. To se p\u0159esn\u011b stalo s Johnsonem&#8230;.ten \u00fadajn\u011b p\u0159i exorcismu Davida prohl\u00e1sil sm\u011brem k d\u00e9monovi, a\u0165 si vezme jeho nam\u00edsto Davida. P\u00e1r dn\u00ed po vyprovokov\u00e1n\u00ed d\u00e9mona Johnsonem, se Johnsonovi j\u00edzda autem m\u00e1lem stala osudnou. Auto p\u0159estalo za j\u00edzdy fungovat a narazilo do stromu. Johnsonovi se jako z\u00e1zrakem nic nestalo. Po tomto incidentu se Johnson vydal do sv\u00e9ho nov\u00e9ho pronajat\u00e9ho domu, aby prozkoumal studnu, kde se \u00fadajn\u011b nach\u00e1zel d\u00e9mon, pr\u00fd to bylo naposled, kdy d\u00e9mona vid\u011bl a nav\u00e1zal s n\u00edm o\u010dn\u00ed kontakt. Warrenovi ho p\u0159ed t\u00edmto \u010dinem varovali.<br>Zat\u00edmco se David\u016fv stav zhor\u0161oval, jeho sestra Debbie se na to nemohla u\u017e d\u00e9le d\u00edvat a s Johnsonem se do pron\u00e1jmu p\u0159est\u011bhovali o n\u011bkolik dn\u00ed d\u0159\u00edve, ne\u017e bylo v pl\u00e1nu.<br>Po nast\u011bhov\u00e1n\u00ed do nov\u00e9ho bydlen\u00ed se za\u010dal Johnson chovat divn\u011b, pot\u00e9 tak\u00e9 jako David upadal do transu, p\u0159i kter\u00e9m vr\u010del a m\u011bl halucinace. Nikdy si na nic ale nevzpom\u00ednal. Debbie se za\u010dala ob\u00e1vat, \u017ee d\u00e9mon p\u0159es\u00eddlil na jej\u00edho p\u0159\u00edtele.<br><br><\/p>\n\n\n\n<div class=\"wp-block-image\"><figure class=\"aligncenter\"><img loading=\"lazy\" width=\"225\" height=\"225\" src=\"https:\/\/nadprirozeno.cz\/wp-content\/uploads\/2019\/09\/images.jpg\" alt=\"\" class=\"wp-image-506\" srcset=\"https:\/\/nadprirozeno.cz\/wp-content\/uploads\/2019\/09\/images.jpg 225w, https:\/\/nadprirozeno.cz\/wp-content\/uploads\/2019\/09\/images-150x150.jpg 150w, https:\/\/nadprirozeno.cz\/wp-content\/uploads\/2019\/09\/images-210x210.jpg 210w\" sizes=\"(max-width: 225px) 100vw, 225px\" \/><figcaption>zdroj Google<\/figcaption><\/figure><\/div>\n\n\n\n<p>Dne 16.2.1981 se Johnson ve sv\u00e9 pr\u00e1ci omluvil, \u017ee mu nen\u00ed dob\u0159e a vydal se do pr\u00e1ce Debbie, kter\u00e1 pracovala v -ps\u00ed boud\u011b- chovatelsk\u00e9 stanici. Bono (zam\u011bstnavatel Debbie) pozval d\u011bv\u010data na ob\u011bd. Zde se siln\u011b pos\u00edlil alkoholem.<br>To m\u011blo za n\u00e1sledek to, \u017ee p\u0159i n\u00e1vratu na stanici byl Bono velice rozru\u0161en\u00fd. Debbie vyzvala v\u0161echny, a\u0165 opust\u00ed m\u00edstnost a sna\u017eila se Bona uklidnit. Ten ale zadr\u017eel Mary (sest\u0159enici Debbie) a odm\u00edtal j\u00ed pustit. N\u00e1hle se tam objevil Johnson, kter\u00fd vyrazil proti Bonovi s no\u017eem o velikosti 13 cm. Vr\u010del p\u0159i tom jako zv\u00ed\u0159e a divoce za\u010dal Bona bodat. Ten je\u0161t\u011b t\u00e9ho\u017e dne zem\u0159el. Johnson utekl, ale byl nalezen a zadr\u017een 3km od m\u00edsta vra\u017edy.<br>N\u00e1sleduj\u00edc\u00ed den Lorraine Warrenov\u00e1 informovala Brookfieldskou policii, \u017ee Johnson byl posedl\u00fd, v dob\u011b trestn\u00e9ho \u010dinu. Soud odsoudil Johnsova k 10-20 let\u016fm za vra\u017edu prvn\u00edho stupn\u011b, ale odsed\u011bl si pouze p\u011bt. Soud nebral v potaz v\u00fdpov\u011b\u010f Eda a Lorraine pro nedostatek d\u016fkaz\u016f.<br>Johnson si tedy odsed\u011bl n\u011bjak\u00fd ten rok ve v\u011bzen\u00ed, jestli se u n\u011bj je\u0161t\u011b n\u011bkdy objevil n\u011bjak\u00fd n\u00e1znak posednut\u00ed nen\u00ed mo\u017en\u00e9 dohledat.<\/p>\n\n\n\n<figure class=\"wp-block-image\"><img loading=\"lazy\" width=\"924\" height=\"530\" src=\"https:\/\/nadprirozeno.cz\/wp-content\/uploads\/2019\/09\/5a2235f1b932ecc60af72afabb0299650e8be60e_hq.jpg\" alt=\"\" class=\"wp-image-507\" srcset=\"https:\/\/nadprirozeno.cz\/wp-content\/uploads\/2019\/09\/5a2235f1b932ecc60af72afabb0299650e8be60e_hq.jpg 924w, https:\/\/nadprirozeno.cz\/wp-content\/uploads\/2019\/09\/5a2235f1b932ecc60af72afabb0299650e8be60e_hq-300x172.jpg 300w, https:\/\/nadprirozeno.cz\/wp-content\/uploads\/2019\/09\/5a2235f1b932ecc60af72afabb0299650e8be60e_hq-768x441.jpg 768w, https:\/\/nadprirozeno.cz\/wp-content\/uploads\/2019\/09\/5a2235f1b932ecc60af72afabb0299650e8be60e_hq-210x120.jpg 210w\" sizes=\"(max-width: 924px) 100vw, 924px\" \/><figcaption>Zdroj Google &#8211; Johnson d\u0159\u00edve i dnes.<br><br><\/figcaption><\/figure>\n\n\n\n<p>Ohledn\u011b Davidova posednut\u00ed a jak v\u0161e dopadlo se pravd\u011bpodobn\u011b nikde nedo\u010dteme, proto\u017ee mnoho lid\u00ed, kdy\u017e se setk\u00e1 s podobn\u00fdm z\u00e1\u017eitkem, se sna\u017e\u00ed na n\u011bj zapomenout a d\u00e1le si je bolestiv\u011b nep\u0159ipom\u00ednat. Tak tomu je i v tomto p\u0159\u00edpad\u011b.<br><br>Tento p\u0159\u00edb\u011bh m\u00e1 i filmov\u00e9 zpracov\u00e1n\u00ed.<\/p>\n\n\n\n<figure class=\"wp-block-embed-youtube wp-block-embed is-type-video is-provider-youtube wp-embed-aspect-4-3 wp-has-aspect-ratio\"><div class=\"wp-block-embed__wrapper\">\n<iframe loading=\"lazy\" width=\"980\" height=\"735\" src=\"https:\/\/www.youtube.com\/embed\/PSp4xILOAQk?feature=oembed\" frameborder=\"0\" allow=\"accelerometer; autoplay; encrypted-media; gyroscope; picture-in-picture\" allowfullscreen><\/iframe>\n<\/div><\/figure>\n\n\n\n<p><br><\/p>\n","protected":false},"excerpt":{"rendered":"<p>P\u0159\u00edpad od Warrenov\u00fdch-David Glatzel a Johnson Dal\u0161\u00ed p\u0159\u00edpad Eda a Lorraine Warrenov\u00fdch je sice m\u00e9n\u011b zn\u00e1m\u00fd, o to v\u00edce ale d\u011bsiv\u00fd.Tento p\u0159\u00edpad se odehr\u00e1v\u00e1 v roce 1980, kdy se rodina Glatzeov\u00fdch p\u0159est\u011bhuje do domu v Brookfieldu v Connecticutu.Za necel\u00fd m\u011bs\u00edc za\u010dne v dom\u011b doch\u00e1zet k nevysv\u011btliteln\u00fdm a podez\u0159el\u00fdm ud\u00e1lostem.Tyto nezn\u00e1m\u00e9 s\u00edly se za\u010dali zam\u011b\u0159ovat na [&hellip;]<\/p>\n","protected":false},"author":1,"featured_media":0,"parent":0,"menu_order":0,"comment_status":"closed","ping_status":"closed","template":"","meta":{"_monsterinsights_skip_tracking":false,"_monsterinsights_sitenote_active":false,"_monsterinsights_sitenote_note":"","_monsterinsights_sitenote_category":0},"_links":{"self":[{"href":"https:\/\/nadprirozeno.cz\/index.php\/wp-json\/wp\/v2\/pages\/502"}],"collection":[{"href":"https:\/\/nadprirozeno.cz\/index.php\/wp-json\/wp\/v2\/pages"}],"about":[{"href":"https:\/\/nadprirozeno.cz\/index.php\/wp-json\/wp\/v2\/types\/page"}],"author":[{"embeddable":true,"href":"https:\/\/nadprirozeno.cz\/index.php\/wp-json\/wp\/v2\/users\/1"}],"replies":[{"embeddable":true,"href":"https:\/\/nadprirozeno.cz\/index.php\/wp-json\/wp\/v2\/comments?post=502"}],"version-history":[{"count":1,"href":"https:\/\/nadprirozeno.cz\/index.php\/wp-json\/wp\/v2\/pages\/502\/revisions"}],"predecessor-version":[{"id":508,"href":"https:\/\/nadprirozeno.cz\/index.php\/wp-json\/wp\/v2\/pages\/502\/revisions\/508"}],"wp:attachment":[{"href":"https:\/\/nadprirozeno.cz\/index.php\/wp-json\/wp\/v2\/media?parent=502"}],"curies":[{"name":"wp","href":"https:\/\/api.w.org\/{rel}","templated":true}]}}