{"id":513,"date":"2019-09-02T12:07:25","date_gmt":"2019-09-02T10:07:25","guid":{"rendered":"http:\/\/nadprirozeno.cz\/?page_id=513"},"modified":"2019-09-02T12:07:25","modified_gmt":"2019-09-02T10:07:25","slug":"vlkodlak-ze-southendu","status":"publish","type":"page","link":"https:\/\/nadprirozeno.cz\/index.php\/vlkodlak-ze-southendu\/","title":{"rendered":"Vlkodlak ze Southendu"},"content":{"rendered":"\n<h1>Vlkodlak ze Southendu<\/h1>\n\n\n\n<p>O tomto p\u0159\u00edpad\u011b koluj\u00ed pochybnosti. Byl Bill Ramsey posednut vl\u010d\u00edm d\u00e9monem, nebo \u0161lo o psychickou poruchu? Ka\u017edop\u00e1dn\u011b tu hraj\u00ed velkou roli man\u017eel\u00e9 Warrenovi, kte\u0159\u00ed tento p\u0159\u00edpad pova\u017eovali jako sv\u016fj nejbizarn\u011bj\u0161\u00ed. Warrenovi kv\u016fli tomuto p\u0159\u00edpadu cestovali z USA do britsk\u00e9ho p\u0159\u00edmo\u0159sk\u00e9ho m\u011bsta v Essexu.<br><br><br><br><\/p>\n\n\n\n<div class=\"wp-block-image\"><figure class=\"aligncenter\"><img loading=\"lazy\" width=\"319\" height=\"370\" src=\"https:\/\/nadprirozeno.cz\/wp-content\/uploads\/2019\/09\/163334506_339004.jpg\" alt=\"\" class=\"wp-image-514\" srcset=\"https:\/\/nadprirozeno.cz\/wp-content\/uploads\/2019\/09\/163334506_339004.jpg 319w, https:\/\/nadprirozeno.cz\/wp-content\/uploads\/2019\/09\/163334506_339004-259x300.jpg 259w, https:\/\/nadprirozeno.cz\/wp-content\/uploads\/2019\/09\/163334506_339004-181x210.jpg 181w\" sizes=\"(max-width: 319px) 100vw, 319px\" \/><figcaption>Warrenovi zdroj Goggle<\/figcaption><\/figure><\/div>\n\n\n\n<p>Rod\u00e1k ze Southendu Bill Ramsey projevuj\u00edc\u00ed se jako vlk m\u011bl klidn\u00e9 d\u011btstv\u00ed, a\u017e do sv\u00e9ho dev\u00e1t\u00e9ho roku. Jedno sobotn\u00ed dopoledne roku 1952 si hr\u00e1l na jejich zahrad\u011b, kdy\u017e v tom ho p\u0159epadl podivn\u00fd a nezn\u00e1m\u00fd pocit. Uc\u00edtil chlad a nesnesiteln\u00fd z\u00e1pach, ze kter\u00e9ho se mu cht\u011blo zvracet. Zmocnil se ho takov\u00fd vztek (v\u017edy byl klidn\u00e9 a hodn\u00e9 d\u00edt\u011b ), p\u0159i n\u011bm\u017e se rozeb\u011bhl k okraji zahrady a za\u010dal vyrv\u00e1vat plot k soused\u016fm. Jen pro zaj\u00edmavost&#8230;.plot byl tak t\u011b\u017ek\u00fd, \u017ee ho  st\u011b\u017e\u00ed uzvedli jeho rodi\u010de.<br>Odkud se vzal ten z\u00e1pach a n\u00e1sledn\u00e1 s\u00edla? jak mohlo doposud hodn\u00e9 d\u00edt\u011b uzvednout n\u011bco tak t\u011b\u017ek\u00e9ho?<br>T\u011b\u017eko se to d\u00e1 posuzovat, ale chlapec byl n\u00e1sledn\u011b vy\u0161et\u0159en n\u011bkolika specialisty z Essexu, kte\u0159\u00ed na n\u011bm nic neobvykl\u00e9ho neshledali. \u017de by v tom m\u011bl opravdu prsty vl\u010d\u00ed d\u00e9mon?<br><br><\/p>\n\n\n\n<figure class=\"wp-block-image\"><img loading=\"lazy\" width=\"1024\" height=\"535\" src=\"https:\/\/nadprirozeno.cz\/wp-content\/uploads\/2019\/09\/Ed-And-Lorraine-1-1024x535.jpg\" alt=\"\" class=\"wp-image-515\" srcset=\"https:\/\/nadprirozeno.cz\/wp-content\/uploads\/2019\/09\/Ed-And-Lorraine-1-1024x535.jpg 1024w, https:\/\/nadprirozeno.cz\/wp-content\/uploads\/2019\/09\/Ed-And-Lorraine-1-300x157.jpg 300w, https:\/\/nadprirozeno.cz\/wp-content\/uploads\/2019\/09\/Ed-And-Lorraine-1-768x401.jpg 768w, https:\/\/nadprirozeno.cz\/wp-content\/uploads\/2019\/09\/Ed-And-Lorraine-1-210x110.jpg 210w, https:\/\/nadprirozeno.cz\/wp-content\/uploads\/2019\/09\/Ed-And-Lorraine-1.jpg 1200w\" sizes=\"(max-width: 980px) 100vw, 980px\" \/><figcaption>Bill Ramsey zdroj Google<\/figcaption><\/figure>\n\n\n\n<p>Warrenovi i Ramsey v\u011b\u0159\u00ed, \u017ee posednut\u00ed d\u00e9monem je v tomto p\u0159\u00edpad\u011b opravdu re\u00e1ln\u00e9, nikde se ale nep\u00ed\u0161e o jak\u00e9ho d\u00e9mona jde.<br>Bill m\u011bl v d\u011btstv\u00ed jen tento jeden z\u00e1\u017eitek. V 60 letech, kdy se op\u011bt za\u010d\u00ednaj\u00ed objevovat dal\u0161\u00ed p\u0159\u00edznaky je Bill u\u017e \u0161\u0165astn\u011b \u017eenat\u00fd a m\u00e1 t\u0159i d\u011bti. <br>Za\u010d\u00edn\u00e1 upadat do zvl\u00e1\u0161tn\u00edch stav\u016f, kdy se v n\u011bm probouz\u00ed neskute\u010dn\u00e1 neur\u010dit\u00e1 zlost doprov\u00e1zen\u00e1 obrovskou vnit\u0159n\u00ed silou.<br>Rodina ho pos\u00edl\u00e1 s jeho souhlasem do nemocnice, kde Bill nelidsky vr\u010d\u00ed, cen\u00ed zuby a chov\u00e1 se jako vlk. Tak\u00e9 m\u00e1 no\u010dn\u00ed m\u016fry a vize.<br>Bill sv\u00e9 z\u00e1chvaty nem\u016f\u017ee nijak ovl\u00e1dat a ani p\u0159edv\u00eddat, m\u00e1 dokonce ze sebe strach, proto\u017ee je schopn\u00fd ubl\u00ed\u017eit sv\u00e9mu okol\u00ed. Popros\u00ed Warrenovi, kter\u00fdm sv\u016fj p\u0159\u00edb\u011bh vypr\u00e1v\u00ed, aby ho nechali zav\u0159\u00edt n\u011bkam do v\u011bzen\u00ed.<br>V roce 1992 ho ale Warrenovi doprav\u00ed do sv\u00e9ho domova v Connecticutu, kde jsou domluven\u00fd s biskupem Robertem McKennou na proveden\u00ed exorcusmu.<br>Ten si Warrenovi nato\u010dili. Od t\u00e9 doby nebylo o Billovi nikde nic naps\u00e1no, tak\u017ee je z\u0159ejm\u00e9, \u017ee exorcismus byl \u00fasp\u011b\u0161n\u00fd. Pokud tedy \u0161lo opravdu o napaden\u00ed d\u00e9monem&#8230;.takov\u00fd exorcismus m\u016f\u017ee b\u00fdt pou\u017e\u00edv\u00e1n i jako tzv. placebo efekt, kter\u00fd pom\u016f\u017ee \u010dlov\u011bku, kdy\u017e si mysl\u00ed, \u017ee posedl\u00fd je. Jestli\u017ee byl Bill jen psychicky nemocn\u00fd, odkud se potom vzali ty vize, s\u00edla a nadp\u0159irozen\u00e9 jevy doprov\u00e1zen\u00e9 ka\u017ed\u00fdm jeho z\u00e1chvatem? a kter\u00fd d\u00e9mon se projevuje t\u00edmto stylem?<br>Mysl\u00edm, \u017ee to u\u017e se nikdy nedozv\u00edme.<\/p>\n\n\n\n<figure class=\"wp-block-embed-youtube wp-block-embed is-type-video is-provider-youtube wp-embed-aspect-4-3 wp-has-aspect-ratio\"><div class=\"wp-block-embed__wrapper\">\n<iframe loading=\"lazy\" width=\"980\" height=\"735\" src=\"https:\/\/www.youtube.com\/embed\/WCBJZRxcME0?feature=oembed\" frameborder=\"0\" allow=\"accelerometer; autoplay; encrypted-media; gyroscope; picture-in-picture\" allowfullscreen><\/iframe>\n<\/div><figcaption>Video nato\u010den\u00e9 Warrenov\u00fdmi<\/figcaption><\/figure>\n\n\n\n<p><\/p>\n","protected":false},"excerpt":{"rendered":"<p>Vlkodlak ze Southendu O tomto p\u0159\u00edpad\u011b koluj\u00ed pochybnosti. Byl Bill Ramsey posednut vl\u010d\u00edm d\u00e9monem, nebo \u0161lo o psychickou poruchu? Ka\u017edop\u00e1dn\u011b tu hraj\u00ed velkou roli man\u017eel\u00e9 Warrenovi, kte\u0159\u00ed tento p\u0159\u00edpad pova\u017eovali jako sv\u016fj nejbizarn\u011bj\u0161\u00ed. Warrenovi kv\u016fli tomuto p\u0159\u00edpadu cestovali z USA do britsk\u00e9ho p\u0159\u00edmo\u0159sk\u00e9ho m\u011bsta v Essexu. Rod\u00e1k ze Southendu Bill Ramsey projevuj\u00edc\u00ed se jako vlk [&hellip;]<\/p>\n","protected":false},"author":1,"featured_media":0,"parent":0,"menu_order":0,"comment_status":"closed","ping_status":"closed","template":"","meta":{"_monsterinsights_skip_tracking":false,"_monsterinsights_sitenote_active":false,"_monsterinsights_sitenote_note":"","_monsterinsights_sitenote_category":0},"_links":{"self":[{"href":"https:\/\/nadprirozeno.cz\/index.php\/wp-json\/wp\/v2\/pages\/513"}],"collection":[{"href":"https:\/\/nadprirozeno.cz\/index.php\/wp-json\/wp\/v2\/pages"}],"about":[{"href":"https:\/\/nadprirozeno.cz\/index.php\/wp-json\/wp\/v2\/types\/page"}],"author":[{"embeddable":true,"href":"https:\/\/nadprirozeno.cz\/index.php\/wp-json\/wp\/v2\/users\/1"}],"replies":[{"embeddable":true,"href":"https:\/\/nadprirozeno.cz\/index.php\/wp-json\/wp\/v2\/comments?post=513"}],"version-history":[{"count":2,"href":"https:\/\/nadprirozeno.cz\/index.php\/wp-json\/wp\/v2\/pages\/513\/revisions"}],"predecessor-version":[{"id":632,"href":"https:\/\/nadprirozeno.cz\/index.php\/wp-json\/wp\/v2\/pages\/513\/revisions\/632"}],"wp:attachment":[{"href":"https:\/\/nadprirozeno.cz\/index.php\/wp-json\/wp\/v2\/media?parent=513"}],"curies":[{"name":"wp","href":"https:\/\/api.w.org\/{rel}","templated":true}]}}