{"id":554,"date":"2019-09-30T11:20:25","date_gmt":"2019-09-30T09:20:25","guid":{"rendered":"http:\/\/nadprirozeno.cz\/?page_id=554"},"modified":"2019-09-30T11:20:25","modified_gmt":"2019-09-30T09:20:25","slug":"eleonor-zugun","status":"publish","type":"page","link":"https:\/\/nadprirozeno.cz\/index.php\/eleonor-zugun\/","title":{"rendered":"Eleonor Zugun"},"content":{"rendered":"\n<h1>Eleonor Zugun<\/h1>\n\n\n\n<p> Eleonore se narodila 24. kv\u011btna 1913 ve vesnici Talpa v okrese Dorohoi. <br>Jednoho dne byla posl\u00e1na se sv\u00fdm bratrancem k babi\u010dce. Na cest\u011b na\u0161la kapesn\u00edk pln\u00fd minc\u00ed. Byla nad\u0161en\u00e1 a rozhodla se, \u017ee si je ponech\u00e1 a v\u0161echny utrat\u00ed za sladkosti, kter\u00fdch m\u011bla m\u00e1lo. Po cest\u011b je tak\u00e9 utratila a v\u011bt\u0161inu sladkost\u00ed si schovala po kaps\u00e1ch.<\/p>\n\n\n\n<div class=\"wp-block-image\"><figure class=\"aligncenter\"><img loading=\"lazy\" width=\"600\" height=\"400\" src=\"https:\/\/nadprirozeno.cz\/wp-content\/uploads\/2019\/09\/38661_zugun1_1.jpg\" alt=\"\" class=\"wp-image-557\" srcset=\"https:\/\/nadprirozeno.cz\/wp-content\/uploads\/2019\/09\/38661_zugun1_1.jpg 600w, https:\/\/nadprirozeno.cz\/wp-content\/uploads\/2019\/09\/38661_zugun1_1-300x200.jpg 300w, https:\/\/nadprirozeno.cz\/wp-content\/uploads\/2019\/09\/38661_zugun1_1-210x140.jpg 210w\" sizes=\"(max-width: 600px) 100vw, 600px\" \/><figcaption>Eleonore Zugun<br>zdroj Google<\/figcaption><\/figure><\/div>\n\n\n\n<p>Kdy\u017e do\u0161li k babi\u010dce, bratranec Eleonory se  pochlubil co d\u00edvka na\u0161la. Jej\u00ed babi\u010dce se to ale v\u016fbec nel\u00edbilo. \u0158ekla Eleonore, \u017ee si vzala \u010f\u00e1blovi pen\u00edze a u\u017e je zatracen\u00e1. Jak \u0159ekla, tak se tak\u00e9 stalo a u\u017e n\u00e1sleduj\u00edc\u00edho dne se kolem d\u00edvky za\u010daly d\u00edt divn\u00e9 v\u011bci, kter\u00e9 trvaly roky. V jej\u00ed bl\u00edzkosti se pohybovaly p\u0159edm\u011bty, kter\u00e9 se najednou oto\u010dily sm\u011brem k Eleonore a ude\u0159ily j\u00ed do obli\u010deje. <br>D\u00edvka podstoupila exorcismus, ale marn\u011b. N\u011bkdo se o n\u00ed dozv\u011bd\u011bl a ihned to dal do novin.<br>T\u00edmto zp\u016fsobem se o n\u00ed dozv\u011bd\u011bla hrab\u011bnka Zoe Vasilko-Serecki, kterou paranorm\u00e1ln\u00ed jevy nesm\u00edrn\u011b zaj\u00edmaly. Nechala pro d\u00edvku poslat a ubytovala j\u00ed u sebe, kde mohla po dobu dvou let sledovat, zapisovat a zkoumat \u00fakazy, kter\u00e9 se kolem Eleonore projevovaly. Napsala o tom tak\u00e9 knihu. <br>D\u00edlo psan\u00e9 na z\u00e1klad\u011b psychoanal\u00fdzy (1933). <br>Eltern wie sie sein sollten  <br><\/p>\n\n\n\n<div class=\"wp-block-image\"><figure class=\"aligncenter\"><img loading=\"lazy\" width=\"400\" height=\"251\" src=\"https:\/\/nadprirozeno.cz\/wp-content\/uploads\/2019\/09\/3ebe727665da1d75649dca47278f4663c24a1e84.jpg\" alt=\"\" class=\"wp-image-556\" srcset=\"https:\/\/nadprirozeno.cz\/wp-content\/uploads\/2019\/09\/3ebe727665da1d75649dca47278f4663c24a1e84.jpg 400w, https:\/\/nadprirozeno.cz\/wp-content\/uploads\/2019\/09\/3ebe727665da1d75649dca47278f4663c24a1e84-300x188.jpg 300w, https:\/\/nadprirozeno.cz\/wp-content\/uploads\/2019\/09\/3ebe727665da1d75649dca47278f4663c24a1e84-210x132.jpg 210w\" sizes=\"(max-width: 400px) 100vw, 400px\" \/><figcaption>Eleonore s hrab\u011bnkou a vy\u0161et\u0159ovateli<br>zdroj Google<\/figcaption><\/figure><\/div>\n\n\n\n<p>Hrab\u011bnka p\u0159izvala na z\u00e1mek i nejuzn\u00e1van\u011bj\u0161\u00ed paranorm\u00e1ln\u00ed vy\u0161et\u0159ovatele, fyziky a badatele t\u00e9 doby. Mohly spole\u010dn\u011b vysledovat a\u017e 5000 jev\u016f, kter\u00e9 se kolem d\u00edvky projevovaly. P\u0159i jednom sezen\u00ed byla Eleonore zran\u011bna. Stalo se to v Mnichov\u011b, p\u0159i jednom nat\u00e1\u010den\u00ed z\u00e1znamu o d\u00edvce. \u010castokr\u00e1t byla i pokousan\u00e1 n\u011b\u010d\u00edm neviditeln\u00fdm a za p\u0159\u00edtomnosti ostatn\u00edch.<\/p>\n\n\n\n<figure class=\"wp-block-image\"><img loading=\"lazy\" width=\"768\" height=\"960\" src=\"https:\/\/nadprirozeno.cz\/wp-content\/uploads\/2019\/09\/1_6-8.jpeg\" alt=\"\" class=\"wp-image-555\" srcset=\"https:\/\/nadprirozeno.cz\/wp-content\/uploads\/2019\/09\/1_6-8.jpeg 768w, https:\/\/nadprirozeno.cz\/wp-content\/uploads\/2019\/09\/1_6-8-240x300.jpeg 240w, https:\/\/nadprirozeno.cz\/wp-content\/uploads\/2019\/09\/1_6-8-168x210.jpeg 168w\" sizes=\"(max-width: 768px) 100vw, 768px\" \/><figcaption>Eleonore Zugun<br>zdroj Google<\/figcaption><\/figure>\n\n\n\n<p>od 30. z\u00e1\u0159\u00ed do 26. \u0159\u00edjna 1926 j\u00ed doktor Price p\u0159evezl na pozorov\u00e1n\u00ed do sv\u00e9 laborato\u0159e v Anglii. Odborn\u00edci, kte\u0159\u00ed tam pracovali byli pov\u011bt\u0161inou skeptici. Eleonore dok\u00e1zala pod kontrolou komise a za vytvo\u0159en\u00fdch podm\u00ednek, kter\u00e9 anulovaly mo\u017enost podvodu p\u0159edv\u00e9st \u0159adu paranorm\u00e1ln\u00edch \u00fakon\u016f. V\u0161e zcela nev\u011bdomky. Pohybovaly se p\u0159edm\u011bty, byla op\u011bt pokousan\u00e1 na ruk\u00e1ch, \u0161kr\u00e1bance po t\u011ble, nej\u010dast\u011bji v\u0161ak na obli\u010deji.<\/p>\n\n\n\n<figure class=\"wp-block-image\"><img loading=\"lazy\" width=\"709\" height=\"1024\" src=\"https:\/\/nadprirozeno.cz\/wp-content\/uploads\/2019\/09\/zugun-bitemarks-709x1024.jpg\" alt=\"\" class=\"wp-image-558\" srcset=\"https:\/\/nadprirozeno.cz\/wp-content\/uploads\/2019\/09\/zugun-bitemarks-709x1024.jpg 709w, https:\/\/nadprirozeno.cz\/wp-content\/uploads\/2019\/09\/zugun-bitemarks-208x300.jpg 208w, https:\/\/nadprirozeno.cz\/wp-content\/uploads\/2019\/09\/zugun-bitemarks-768x1109.jpg 768w, https:\/\/nadprirozeno.cz\/wp-content\/uploads\/2019\/09\/zugun-bitemarks-145x210.jpg 145w, https:\/\/nadprirozeno.cz\/wp-content\/uploads\/2019\/09\/zugun-bitemarks.jpg 1167w\" sizes=\"(max-width: 709px) 100vw, 709px\" \/><figcaption>Zdroj Google<\/figcaption><\/figure>\n\n\n\n<p>Po n\u00e1vratu do V\u00eddn\u011b dostala Eleonore svou prvn\u00ed menstruaci a ve\u0161ker\u00e9 paranorm\u00e1ln\u00ed jevy se nar\u00e1z zastavily. Usadila se v Bukure\u0161ti, kde nastoupila do krej\u010dovsk\u00e9 d\u00edlny.<\/p>\n\n\n\n<figure class=\"wp-block-embed-youtube wp-block-embed is-type-video is-provider-youtube wp-embed-aspect-4-3 wp-has-aspect-ratio\"><div class=\"wp-block-embed__wrapper\">\n<iframe loading=\"lazy\" width=\"980\" height=\"735\" src=\"https:\/\/www.youtube.com\/embed\/MIiB5ck20s8?start=380&#038;feature=oembed\" frameborder=\"0\" allow=\"accelerometer; autoplay; encrypted-media; gyroscope; picture-in-picture\" allowfullscreen><\/iframe>\n<\/div><figcaption>autentick\u00e9 z\u00e1b\u011bry bez zvuku<\/figcaption><\/figure>\n","protected":false},"excerpt":{"rendered":"<p>Eleonor Zugun Eleonore se narodila 24. kv\u011btna 1913 ve vesnici Talpa v okrese Dorohoi. Jednoho dne byla posl\u00e1na se sv\u00fdm bratrancem k babi\u010dce. Na cest\u011b na\u0161la kapesn\u00edk pln\u00fd minc\u00ed. Byla nad\u0161en\u00e1 a rozhodla se, \u017ee si je ponech\u00e1 a v\u0161echny utrat\u00ed za sladkosti, kter\u00fdch m\u011bla m\u00e1lo. Po cest\u011b je tak\u00e9 utratila a v\u011bt\u0161inu sladkost\u00ed si [&hellip;]<\/p>\n","protected":false},"author":1,"featured_media":0,"parent":0,"menu_order":0,"comment_status":"closed","ping_status":"closed","template":"","meta":{"_monsterinsights_skip_tracking":false,"_monsterinsights_sitenote_active":false,"_monsterinsights_sitenote_note":"","_monsterinsights_sitenote_category":0},"_links":{"self":[{"href":"https:\/\/nadprirozeno.cz\/index.php\/wp-json\/wp\/v2\/pages\/554"}],"collection":[{"href":"https:\/\/nadprirozeno.cz\/index.php\/wp-json\/wp\/v2\/pages"}],"about":[{"href":"https:\/\/nadprirozeno.cz\/index.php\/wp-json\/wp\/v2\/types\/page"}],"author":[{"embeddable":true,"href":"https:\/\/nadprirozeno.cz\/index.php\/wp-json\/wp\/v2\/users\/1"}],"replies":[{"embeddable":true,"href":"https:\/\/nadprirozeno.cz\/index.php\/wp-json\/wp\/v2\/comments?post=554"}],"version-history":[{"count":1,"href":"https:\/\/nadprirozeno.cz\/index.php\/wp-json\/wp\/v2\/pages\/554\/revisions"}],"predecessor-version":[{"id":559,"href":"https:\/\/nadprirozeno.cz\/index.php\/wp-json\/wp\/v2\/pages\/554\/revisions\/559"}],"wp:attachment":[{"href":"https:\/\/nadprirozeno.cz\/index.php\/wp-json\/wp\/v2\/media?parent=554"}],"curies":[{"name":"wp","href":"https:\/\/api.w.org\/{rel}","templated":true}]}}