{"id":633,"date":"2020-01-05T11:14:06","date_gmt":"2020-01-05T10:14:06","guid":{"rendered":"http:\/\/nadprirozeno.cz\/?page_id=633"},"modified":"2020-01-05T11:14:06","modified_gmt":"2020-01-05T10:14:06","slug":"zrcadlo","status":"publish","type":"page","link":"https:\/\/nadprirozeno.cz\/index.php\/zrcadlo\/","title":{"rendered":"Zrcadlo"},"content":{"rendered":"\n<h1>Zrcadlo<\/h1>\n\n\n\n<p>Jak je to se zrcadly? V dne\u0161n\u00ed dob\u011b se bez n\u011bj m\u00e1lokdo obejde, ale jedno je jist\u00e9..v\u0161eho moc \u0161kod\u00ed a i hodn\u011b zrcadel ve va\u0161em p\u0159\u00edbytku nen\u00ed dobr\u00e9 m\u00edt. <br>Nikdy ned\u00e1vejte zrcadla proti sob\u011b&#8230;energie vych\u00e1zej\u00edc\u00ed z tohoto prostoru V\u00e1m dob\u0159e dok\u00e1\u017ee naru\u0161it \u017eivot negativn\u00ed energi\u00ed vznikaj\u00edc\u00ed a n\u00e1sob\u00edc\u00ed se mezi nimi.<br><\/p>\n\n\n\n<p>Podle mnoha lid\u00ed, nikdy ned\u00e1vejte zrcadlo do lo\u017enice a u\u017e v\u016fbec ne do m\u00edst, kde se m\u016f\u017ee v zrcadle odr\u00e1\u017eet Va\u0161e postel. Ve sp\u00e1nku jsme v\u0161ichni nejzraniteln\u011bj\u0161\u00ed.<\/p>\n\n\n\n<p> Skrze zrcadla si toti\u017e zkracuje cestu velk\u00e9 mno\u017estv\u00ed bytost\u00ed,  je to pr\u016fchod, stejn\u011b jako okno nebo dve\u0159e. Pokud tedy m\u00e1te zrcadlo v lo\u017enici, koledujete si o nep\u0159\u00edjemn\u00e9 no\u010dn\u00ed n\u00e1v\u0161t\u011bvy. Pr\u016fchody skrze zrcadla vyu\u017e\u00edvaj\u00ed hlavn\u011b energeticky slab\u00e9 bytosti, co\u017e jsou zejm\u00e9na bludn\u00e9 du\u0161e, d\u00e9moni, larvy a v\u016fbec r\u016fzn\u00e1 astr\u00e1ln\u00ed hav\u011b\u0165.<br> And\u011bl\u00e9 t\u0159eba zrcadla nevyu\u017e\u00edvaj\u00ed, tak\u017ee pokud by V\u00e1m n\u011bjak\u00e1 bytost tvrdila, \u017ee je and\u011bl a p\u0159itom p\u0159i\u0161la skrze zrcadlo, nev\u011b\u0159te j\u00ed a rychle ji po\u0161lete pry\u010d. <br>Zabr\u00e1nit pr\u016fchodu entit\u00e1m m\u016f\u017eete tak, \u017ee zrcadlo zakryjete l\u00e1tkou a pokud to nejde, dobrou pom\u016fckou je k\u0159i\u0161\u0165\u00e1l, kter\u00fd p\u0159ed n\u011bj postavte.<\/p>\n\n\n\n<div class=\"wp-block-image\"><figure class=\"aligncenter\"><img loading=\"lazy\" width=\"300\" height=\"168\" src=\"https:\/\/nadprirozeno.cz\/wp-content\/uploads\/2020\/01\/images-11.jpg\" alt=\"\" class=\"wp-image-636\" srcset=\"https:\/\/nadprirozeno.cz\/wp-content\/uploads\/2020\/01\/images-11.jpg 300w, https:\/\/nadprirozeno.cz\/wp-content\/uploads\/2020\/01\/images-11-210x118.jpg 210w\" sizes=\"(max-width: 300px) 100vw, 300px\" \/><\/figure><\/div>\n\n\n\n<p> Zrcadlo nen\u00ed jen odrazovou plochou, p\u0159ed kterou se m\u016f\u017eete u\u010desat \u010di nal\u00ed\u010dit, ale zrcadlo je jednou z nejsiln\u011bj\u0161\u00edch bran do jin\u00fdch dimenz\u00ed, vstupn\u00ed branou pro cel\u00e9 z\u00e1stupy bytost\u00ed, z nich\u017e byste si v\u011bt\u0161inu dom\u016f nepozvali. Proto se nedoporu\u010duje p\u0159es zrcadlo cokoliv vyvol\u00e1vat, nikdy nev\u00edte, co se m\u016f\u017ee p\u0159ihodit a koho dom\u016f pozvete. <br><br>Na internetu m\u016f\u017eete naj\u00edt hodn\u011b zaj\u00edmavost\u00ed, jak se t\u0159eba p\u0159es zrcadlo pod\u00edvat na sv\u00e9 nitro ( nikdy to nen\u00ed ale zcela Va\u0161e nitro!!), v\u011b\u0161t\u011bn\u00ed nebo t\u0159eba pohled do jin\u00fdch sv\u011bt\u016f. Vyvarujte se tomu a nezkou\u0161ejte to!!! je to velk\u00fd hazard. Co ud\u011bl\u00e1te, pokud se do n\u011bj opravdu zahled\u00edte a V\u00e1\u0161 odraz se za\u010dne m\u011bnit v ohavnou kreaturu?? jsou d\u016fkazy o lidech, kte\u0159\u00ed tento odraz nevydr\u017eeli a dokonce hr\u016fzou ze\u0161ediv\u011bli.<br>Pohled do jin\u00e9 dimenze: d\u00edv\u00e1te se na sebe, ale obraz v zrcadle n\u00e1hle pohne rukou, zat\u00edmco, Vy se neh\u00fdbete, nebo se za\u010dne sm\u00e1t a Vy se nesm\u011bjete&#8230;co potom? ustoj\u00edte to? v\u0161e nese n\u00e1sledky a v tomto p\u0159\u00edpad\u011b nikdy pro V\u00e1s dobr\u00e9.<br>M\u00e1te r\u00e1di staro\u017eitnosti? te\u010f V\u00e1s mo\u017en\u00e1 odrad\u00edme od koup\u011b kr\u00e1sn\u00e9ho vy\u0159ez\u00e1van\u00e9ho zrcadla, kter\u00e9 by se skv\u011ble hodilo k V\u00e1m dom\u016f, ale u staro\u017eitnost\u00ed plat\u00ed jedno pravidlo &#8230;.. <br> Nem\u016f\u017eete tu\u0161it, kolika bolest\u00ed a ne\u0161t\u011bst\u00ed byla sv\u011bdkem, kolik zla vid\u011bly a kolik negativn\u00edch emoc\u00ed do sebe mohly za uplynul\u00e1 l\u00e9ta vst\u0159ebat.  Pokud neum\u00edte tyto p\u0159edm\u011bty o\u010distit, tak je nekupujte&#8230;nezn\u00e1te jejich minulost. Co se zrcadel t\u00fd\u010de, \u010d\u00edm jsou star\u0161\u00ed, t\u00edm jsou hor\u0161\u00ed a nebezpe\u010dn\u011bj\u0161\u00ed.<br>C\u00edt\u00edte se v okol\u00ed Va\u0161eho zrcadla \u0161patn\u011b? je jeho okol\u00ed chladn\u011bj\u0161\u00ed a chlad vych\u00e1z\u00ed p\u0159\u00edmo ze zrcadla? zkou\u0161eli jste kolem n\u011bj proj\u00edt s b\u00edlou kosteln\u00ed sv\u00ed\u010dkou a ta n\u00e1hle zhasla? m\u00e1te zrcadlo v lo\u017enici a \u010dast\u00e9 no\u010dn\u00ed m\u016fry? sly\u0161\u00edte ze zrcadla klep\u00e1n\u00ed a vzd\u00e1len\u00e9 hlasy? pokud ano, zbavte se ho a m\u00edsto n\u011bkolikr\u00e1t o\u010dist\u011bte!!<br><br>Zrcadla mohou b\u00fdt u\u017eite\u010dn\u00e1, bez n\u011bj by se \u017e\u00e1dn\u00e1 \u017eena neobe\u0161la, ale tak\u00e9 velk\u00fd nep\u0159\u00edtel. Zkra\u0165te dobu, kterou pot\u0159ebujete k \u00faprav\u011b vzhledu na co nejkrat\u0161\u00ed a nechte si doma jen minim\u00e1ln\u00ed po\u010det zrcadel. Z lo\u017enice a d\u011btsk\u00e9ho pokoje je odstra\u0148te, ned\u00e1vejte proti sob\u011b a tak\u00e9 je neumis\u0165ujte proti vchodov\u00fdm dve\u0159\u00edm.<br><br>N\u011bco na nich nedobr\u00e9ho bude a je!!! nepodce\u0148ujte je&#8230;.v\u017edy\u0165 i v kostelech jsou zak\u00e1zan\u00e1.<br><\/p>\n\n\n\n<div class=\"wp-block-image\"><figure class=\"aligncenter\"><img loading=\"lazy\" width=\"640\" height=\"515\" src=\"https:\/\/nadprirozeno.cz\/wp-content\/uploads\/2020\/01\/budoucnost-v-zrcadle.jpg\" alt=\"\" class=\"wp-image-637\" srcset=\"https:\/\/nadprirozeno.cz\/wp-content\/uploads\/2020\/01\/budoucnost-v-zrcadle.jpg 640w, https:\/\/nadprirozeno.cz\/wp-content\/uploads\/2020\/01\/budoucnost-v-zrcadle-300x241.jpg 300w, https:\/\/nadprirozeno.cz\/wp-content\/uploads\/2020\/01\/budoucnost-v-zrcadle-210x169.jpg 210w\" sizes=\"(max-width: 640px) 100vw, 640px\" \/><\/figure><\/div>\n","protected":false},"excerpt":{"rendered":"<p>Zrcadlo Jak je to se zrcadly? V dne\u0161n\u00ed dob\u011b se bez n\u011bj m\u00e1lokdo obejde, ale jedno je jist\u00e9..v\u0161eho moc \u0161kod\u00ed a i hodn\u011b zrcadel ve va\u0161em p\u0159\u00edbytku nen\u00ed dobr\u00e9 m\u00edt. Nikdy ned\u00e1vejte zrcadla proti sob\u011b&#8230;energie vych\u00e1zej\u00edc\u00ed z tohoto prostoru V\u00e1m dob\u0159e dok\u00e1\u017ee naru\u0161it \u017eivot negativn\u00ed energi\u00ed vznikaj\u00edc\u00ed a n\u00e1sob\u00edc\u00ed se mezi nimi. Podle mnoha lid\u00ed, [&hellip;]<\/p>\n","protected":false},"author":1,"featured_media":0,"parent":0,"menu_order":0,"comment_status":"closed","ping_status":"closed","template":"","meta":{"_monsterinsights_skip_tracking":false,"_monsterinsights_sitenote_active":false,"_monsterinsights_sitenote_note":"","_monsterinsights_sitenote_category":0},"_links":{"self":[{"href":"https:\/\/nadprirozeno.cz\/index.php\/wp-json\/wp\/v2\/pages\/633"}],"collection":[{"href":"https:\/\/nadprirozeno.cz\/index.php\/wp-json\/wp\/v2\/pages"}],"about":[{"href":"https:\/\/nadprirozeno.cz\/index.php\/wp-json\/wp\/v2\/types\/page"}],"author":[{"embeddable":true,"href":"https:\/\/nadprirozeno.cz\/index.php\/wp-json\/wp\/v2\/users\/1"}],"replies":[{"embeddable":true,"href":"https:\/\/nadprirozeno.cz\/index.php\/wp-json\/wp\/v2\/comments?post=633"}],"version-history":[{"count":3,"href":"https:\/\/nadprirozeno.cz\/index.php\/wp-json\/wp\/v2\/pages\/633\/revisions"}],"predecessor-version":[{"id":638,"href":"https:\/\/nadprirozeno.cz\/index.php\/wp-json\/wp\/v2\/pages\/633\/revisions\/638"}],"wp:attachment":[{"href":"https:\/\/nadprirozeno.cz\/index.php\/wp-json\/wp\/v2\/media?parent=633"}],"curies":[{"name":"wp","href":"https:\/\/api.w.org\/{rel}","templated":true}]}}